Last updated on 2024-07-27 15:50:22 CEST.
Flavor | Version | Tinstall | Tcheck | Ttotal | Status | Flags |
---|---|---|---|---|---|---|
r-devel-linux-x86_64-debian-clang | 0.1.7 | 11.04 | 396.69 | 407.73 | OK | |
r-devel-linux-x86_64-debian-gcc | 0.1.7 | OK | ||||
r-devel-linux-x86_64-fedora-clang | 0.1.7 | 514.25 | OK | |||
r-devel-linux-x86_64-fedora-gcc | 0.1.7 | 463.19 | OK | |||
r-devel-windows-x86_64 | 0.1.7 | 15.00 | 268.00 | 283.00 | OK | |
r-patched-linux-x86_64 | 0.1.7 | OK | ||||
r-release-linux-x86_64 | 0.1.7 | 10.47 | 377.34 | 387.81 | OK | |
r-release-macos-arm64 | 0.1.7 | 119.00 | OK | |||
r-release-macos-x86_64 | 0.1.7 | 407.00 | OK | |||
r-release-windows-x86_64 | 0.1.7 | 15.00 | 265.00 | 280.00 | OK | |
r-oldrel-macos-arm64 | 0.1.7 | 164.00 | ERROR | |||
r-oldrel-macos-x86_64 | 0.1.7 | 558.00 | ERROR | |||
r-oldrel-windows-x86_64 | 0.1.7 | 14.00 | 332.00 | 346.00 | OK |
Version: 0.1.7
Check: running R code from vignettes
Result: ERROR
Errors in running code in vignettes:
when running code in ‘labelr-special-topics.Rmd’
...
Valiant 18.1 q050 0 auto
> mtbad <- add_val1(data = mtcars, var = gear, vals = -Inf,
+ labs = c("neg.inf"))
When sourcing ‘labelr-special-topics.R’:
Error:
Cannot supply NA, NaN, Inf, or character variants as a val or lab arg.
These are handled automatically.
Execution halted
‘labelr-introduction.Rmd’ using ‘UTF-8’... [1s/1s] OK
‘labelr-special-topics.Rmd’ using ‘UTF-8’... failed
Flavor: r-oldrel-macos-arm64
Version: 0.1.7
Check: running R code from vignettes
Result: ERROR
Errors in running code in vignettes:
when running code in ‘labelr-special-topics.Rmd’
...
Valiant 18.1 q050 0 auto
> mtbad <- add_val1(data = mtcars, var = gear, vals = -Inf,
+ labs = c("neg.inf"))
When sourcing ‘labelr-special-topics.R’:
Error:
Cannot supply NA, NaN, Inf, or character variants as a val or lab arg.
These are handled automatically.
Execution halted
‘labelr-introduction.Rmd’ using ‘UTF-8’... [2s/4s] OK
‘labelr-special-topics.Rmd’ using ‘UTF-8’... failed
Flavor: r-oldrel-macos-x86_64
These binaries (installable software) and packages are in development.
They may not be fully stable and should be used with caution. We make no claims about them.