Last updated on 2025-05-01 12:49:32 CEST.
Flavor | Version | Tinstall | Tcheck | Ttotal | Status | Flags |
---|---|---|---|---|---|---|
r-devel-linux-x86_64-debian-clang | 1.0.1 | 2.42 | 33.79 | 36.21 | NOTE | |
r-devel-linux-x86_64-debian-gcc | 1.0.1 | 1.99 | 25.57 | 27.56 | NOTE | |
r-devel-linux-x86_64-fedora-clang | 1.0.1 | 54.45 | OK | |||
r-devel-linux-x86_64-fedora-gcc | 1.0.1 | 51.01 | OK | |||
r-devel-windows-x86_64 | 1.0.1 | 5.00 | 55.00 | 60.00 | OK | |
r-patched-linux-x86_64 | 1.0.1 | 2.25 | 31.98 | 34.23 | OK | |
r-release-linux-x86_64 | OK | |||||
r-release-macos-arm64 | 1.0.1 | 25.00 | OK | |||
r-release-macos-x86_64 | 1.0.1 | 45.00 | OK | |||
r-release-windows-x86_64 | 1.0.1 | 5.00 | 63.00 | 68.00 | OK | |
r-oldrel-macos-arm64 | 1.0.1 | 21.00 | OK | |||
r-oldrel-macos-x86_64 | 1.0.1 | 29.00 | OK | |||
r-oldrel-windows-x86_64 | 1.0.1 | 6.00 | 60.00 | 66.00 | OK |
Version: 1.0.1
Check: DESCRIPTION meta-information
Result: NOTE
Author field differs from that derived from Authors@R
Author: ‘Alex Searle-Barnes [aut, cre] (<https://orcid.org/0000-0003-0389-7717>, https://github.com/alexsb1)’
Authors@R: ‘Alex Searle-Barnes [aut, cre] (ORCID: <https://orcid.org/0000-0003-0389-7717>, URL: https://github.com/alexsb1)’
Flavors: r-devel-linux-x86_64-debian-clang, r-devel-linux-x86_64-debian-gcc
Version: 1.0.1
Check: examples
Result: NOTE
Examples with CPU (user + system) or elapsed time > 5s
user system elapsed
endPoint 7.879 0.48 10.174
Flavor: r-devel-linux-x86_64-debian-clang
Version: 1.0.1
Check: examples
Result: NA
user system elapsed
endPoint 4.63 0.171 5.973
OK
Flavor: r-devel-linux-x86_64-debian-gcc
These binaries (installable software) and packages are in development.
They may not be fully stable and should be used with caution. We make no claims about them.