Last updated on 2025-05-01 15:49:35 CEST.
Flavor | Version | Tinstall | Tcheck | Ttotal | Status | Flags |
---|---|---|---|---|---|---|
r-devel-linux-x86_64-debian-clang | 0.1.2 | 6.18 | 107.74 | 113.92 | NOTE | |
r-devel-linux-x86_64-debian-gcc | 0.1.2 | 4.14 | 80.61 | 84.75 | NOTE | |
r-devel-linux-x86_64-fedora-clang | 0.1.2 | 155.90 | OK | |||
r-devel-linux-x86_64-fedora-gcc | 0.1.2 | 162.60 | OK | |||
r-devel-windows-x86_64 | 0.1.2 | 8.00 | 105.00 | 113.00 | OK | |
r-patched-linux-x86_64 | 0.1.2 | 6.83 | 101.75 | 108.58 | OK | |
r-release-linux-x86_64 | OK | |||||
r-release-macos-arm64 | 0.1.2 | 60.00 | OK | |||
r-release-macos-x86_64 | 0.1.2 | 88.00 | OK | |||
r-release-windows-x86_64 | 0.1.2 | 9.00 | 107.00 | 116.00 | OK | |
r-oldrel-macos-arm64 | 0.1.2 | 47.00 | OK | |||
r-oldrel-macos-x86_64 | 0.1.2 | 85.00 | OK | |||
r-oldrel-windows-x86_64 | 0.1.2 | 11.00 | 121.00 | 132.00 | OK |
Version: 0.1.2
Check: CRAN incoming feasibility
Result: NOTE
Maintainer: ‘Cristhian Paredes <craparedesca@unal.edu.co>’
No Authors@R field in DESCRIPTION.
Please add one, modifying
Authors@R: c(person(given = "Cristhian",
family = "Paredes",
role = c("aut", "cre"),
email = "craparedesca@unal.edu.co"),
person(given = "Jesús",
family = "Ágreda",
role = "aut"))
as necessary.
Flavors: r-devel-linux-x86_64-debian-clang, r-devel-linux-x86_64-debian-gcc
These binaries (installable software) and packages are in development.
They may not be fully stable and should be used with caution. We make no claims about them.