CRAN Package Check Results for Package lacrmr

Last updated on 2025-11-12 11:51:18 CET.

Flavor Version Tinstall Tcheck Ttotal Status Flags
r-devel-linux-x86_64-debian-clang 1.0.5 3.77 42.31 46.08 OK
r-devel-linux-x86_64-debian-gcc 1.0.5 2.42 31.65 34.07 OK
r-devel-linux-x86_64-fedora-clang 1.0.5 18.00 53.80 71.80 NOTE
r-devel-linux-x86_64-fedora-gcc 1.0.5 77.56 NOTE
r-devel-windows-x86_64 1.0.5 5.00 56.00 61.00 OK
r-patched-linux-x86_64 1.0.5 3.11 38.23 41.34 OK
r-release-linux-x86_64 1.0.5 3.69 38.12 41.81 OK
r-release-macos-arm64 1.0.5 2.00 31.00 33.00 OK
r-release-macos-x86_64 1.0.5 3.00 55.00 58.00 OK
r-release-windows-x86_64 1.0.5 6.00 56.00 62.00 OK
r-oldrel-macos-arm64 1.0.5 2.00 36.00 38.00 OK
r-oldrel-macos-x86_64 1.0.5 3.00 49.00 52.00 OK
r-oldrel-windows-x86_64 1.0.5 7.00 72.00 79.00 OK

Check Details

Version: 1.0.5
Check: dependencies in R code
Result: NOTE Namespace in Imports field not imported from: ‘stringr’ All declared Imports should be used. Flavors: r-devel-linux-x86_64-fedora-clang, r-devel-linux-x86_64-fedora-gcc

These binaries (installable software) and packages are in development.
They may not be fully stable and should be used with caution. We make no claims about them.