CRAN Package Check Results for Package lacrmr

Last updated on 2025-10-03 01:49:49 CEST.

Flavor Version Tinstall Tcheck Ttotal Status Flags
r-devel-linux-x86_64-debian-clang 1.0.5 4.04 42.06 46.10 OK
r-devel-linux-x86_64-debian-gcc 1.0.5 2.70 31.81 34.51 OK
r-devel-linux-x86_64-fedora-clang 1.0.5 70.43 NOTE
r-devel-linux-x86_64-fedora-gcc 1.0.5 76.30 NOTE
r-devel-windows-x86_64 1.0.5 6.00 59.00 65.00 OK
r-patched-linux-x86_64 1.0.5 3.67 37.79 41.46 OK
r-release-linux-x86_64 1.0.5 3.40 37.98 41.38 OK
r-release-macos-arm64 1.0.5 33.00 OK
r-release-macos-x86_64 1.0.5 58.00 OK
r-release-windows-x86_64 1.0.5 5.00 59.00 64.00 OK
r-oldrel-macos-arm64 1.0.5 38.00 OK
r-oldrel-macos-x86_64 1.0.5 52.00 OK
r-oldrel-windows-x86_64 1.0.5 7.00 65.00 72.00 OK

Check Details

Version: 1.0.5
Check: dependencies in R code
Result: NOTE Namespace in Imports field not imported from: ‘stringr’ All declared Imports should be used. Flavors: r-devel-linux-x86_64-fedora-clang, r-devel-linux-x86_64-fedora-gcc

These binaries (installable software) and packages are in development.
They may not be fully stable and should be used with caution. We make no claims about them.