Last updated on 2025-02-16 08:50:50 CET.
Flavor | Version | Tinstall | Tcheck | Ttotal | Status | Flags |
---|---|---|---|---|---|---|
r-devel-linux-x86_64-debian-clang | 1.0-1 | 10.93 | 89.35 | 100.28 | NOTE | |
r-devel-linux-x86_64-debian-gcc | 1.0-1 | 7.98 | 71.15 | 79.13 | NOTE | |
r-devel-linux-x86_64-fedora-clang | 1.0-1 | 156.39 | OK | |||
r-devel-linux-x86_64-fedora-gcc | 1.0-1 | 144.28 | OK | |||
r-devel-macos-arm64 | 1.0-1 | 46.00 | OK | |||
r-devel-macos-x86_64 | 1.0-1 | 86.00 | OK | |||
r-devel-windows-x86_64 | 1.0-1 | 11.00 | 94.00 | 105.00 | OK | |
r-patched-linux-x86_64 | 1.0-1 | 9.32 | 86.50 | 95.82 | OK | |
r-release-linux-x86_64 | 1.0-1 | 8.70 | 85.64 | 94.34 | OK | |
r-release-macos-arm64 | 1.0-1 | 45.00 | NOTE | |||
r-release-macos-x86_64 | 1.0-1 | 69.00 | NOTE | |||
r-release-windows-x86_64 | 1.0-1 | 12.00 | 95.00 | 107.00 | NOTE | |
r-oldrel-macos-arm64 | 1.0-1 | 48.00 | NOTE | |||
r-oldrel-macos-x86_64 | 1.0-1 | 89.00 | NOTE | |||
r-oldrel-windows-x86_64 | 1.0-1 | 16.00 | 138.00 | 154.00 | NOTE |
Version: 1.0-1
Check: for unstated dependencies in ‘demo’
Result: NOTE
'library' or 'require' call not declared from: ‘strucchange’
Flavors: r-devel-linux-x86_64-debian-clang, r-devel-linux-x86_64-debian-gcc
Version: 1.0-1
Check: installed package size
Result: NOTE
installed size is 8.4Mb
sub-directories of 1Mb or more:
data 8.2Mb
Flavors: r-release-macos-arm64, r-release-macos-x86_64, r-release-windows-x86_64, r-oldrel-macos-arm64, r-oldrel-macos-x86_64, r-oldrel-windows-x86_64
These binaries (installable software) and packages are in development.
They may not be fully stable and should be used with caution. We make no claims about them.