Last updated on 2025-02-21 15:51:52 CET.
Flavor | Version | Tinstall | Tcheck | Ttotal | Status | Flags |
---|---|---|---|---|---|---|
r-devel-linux-x86_64-debian-clang | 0.0.1 | 2.66 | 33.93 | 36.59 | OK | |
r-devel-linux-x86_64-debian-gcc | 0.0.1 | 1.77 | 25.13 | 26.90 | OK | |
r-devel-linux-x86_64-fedora-clang | 0.0.1 | 58.45 | NOTE | |||
r-devel-linux-x86_64-fedora-gcc | 0.0.1 | 56.48 | NOTE | |||
r-devel-macos-arm64 | 0.0.1 | 21.00 | OK | |||
r-devel-macos-x86_64 | 0.0.1 | 37.00 | OK | |||
r-devel-windows-x86_64 | 0.0.1 | 6.00 | 67.00 | 73.00 | OK | |
r-patched-linux-x86_64 | 0.0.1 | 2.54 | 32.79 | 35.33 | OK | |
r-release-linux-x86_64 | 0.0.1 | 2.56 | 32.24 | 34.80 | OK | |
r-release-macos-arm64 | 0.0.1 | 22.00 | OK | |||
r-release-macos-x86_64 | 0.0.1 | 54.00 | OK | |||
r-release-windows-x86_64 | 0.0.1 | 5.00 | 58.00 | 63.00 | OK | |
r-oldrel-macos-arm64 | 0.0.1 | 26.00 | OK | |||
r-oldrel-macos-x86_64 | 0.0.1 | 43.00 | OK | |||
r-oldrel-windows-x86_64 | 0.0.1 | 6.00 | 60.00 | 66.00 | OK |
Version: 0.0.1
Check: dependencies in R code
Result: NOTE
Namespaces in Imports field not imported from:
‘bslib’ ‘ggplot2’ ‘shinydashboard’
All declared Imports should be used.
Flavors: r-devel-linux-x86_64-fedora-clang, r-devel-linux-x86_64-fedora-gcc
These binaries (installable software) and packages are in development.
They may not be fully stable and should be used with caution. We make no claims about them.