Last updated on 2025-07-02 01:51:42 CEST.
Flavor | Version | Tinstall | Tcheck | Ttotal | Status | Flags |
---|---|---|---|---|---|---|
r-devel-linux-x86_64-debian-clang | 0.0.1 | 2.63 | 37.28 | 39.91 | OK | |
r-devel-linux-x86_64-debian-gcc | 0.0.1 | 2.15 | 27.33 | 29.48 | OK | |
r-devel-linux-x86_64-fedora-clang | 0.0.1 | 60.34 | NOTE | |||
r-devel-linux-x86_64-fedora-gcc | 0.0.1 | 53.80 | NOTE | |||
r-devel-windows-x86_64 | 0.0.1 | 4.00 | 58.00 | 62.00 | OK | |
r-patched-linux-x86_64 | OK | |||||
r-release-linux-x86_64 | 0.0.1 | 2.29 | 34.08 | 36.37 | OK | |
r-release-macos-arm64 | 0.0.1 | 20.00 | OK | |||
r-release-macos-x86_64 | 0.0.1 | 37.00 | OK | |||
r-release-windows-x86_64 | 0.0.1 | 7.00 | 57.00 | 64.00 | OK | |
r-oldrel-macos-arm64 | 0.0.1 | 22.00 | OK | |||
r-oldrel-macos-x86_64 | 0.0.1 | 54.00 | OK | |||
r-oldrel-windows-x86_64 | 0.0.1 | 6.00 | 69.00 | 75.00 | OK |
Version: 0.0.1
Check: dependencies in R code
Result: NOTE
Namespaces in Imports field not imported from:
‘bslib’ ‘ggplot2’ ‘shinydashboard’
All declared Imports should be used.
Flavors: r-devel-linux-x86_64-fedora-clang, r-devel-linux-x86_64-fedora-gcc
These binaries (installable software) and packages are in development.
They may not be fully stable and should be used with caution. We make no claims about them.