Last updated on 2025-02-16 08:50:50 CET.
Flavor | Version | Tinstall | Tcheck | Ttotal | Status | Flags |
---|---|---|---|---|---|---|
r-devel-linux-x86_64-debian-clang | 2.2.4 | 9.80 | 23.09 | 32.89 | OK | |
r-devel-linux-x86_64-debian-gcc | 2.2.4 | 7.42 | 18.97 | 26.39 | OK | |
r-devel-linux-x86_64-fedora-clang | 2.2.4 | 60.91 | OK | |||
r-devel-linux-x86_64-fedora-gcc | 2.2.4 | 56.86 | OK | |||
r-devel-macos-arm64 | 2.2.4 | 24.00 | OK | |||
r-devel-macos-x86_64 | 2.2.4 | 35.00 | OK | |||
r-devel-windows-x86_64 | 2.2.4 | 16.00 | 61.00 | 77.00 | OK | |
r-patched-linux-x86_64 | 2.2.4 | 9.48 | 21.98 | 31.46 | NOTE | |
r-release-linux-x86_64 | 2.2.4 | 9.88 | 22.21 | 32.09 | NOTE | |
r-release-macos-arm64 | 2.2.4 | 18.00 | NOTE | |||
r-release-macos-x86_64 | 2.2.4 | 26.00 | NOTE | |||
r-release-windows-x86_64 | 2.2.4 | 17.00 | 69.00 | 86.00 | NOTE | |
r-oldrel-macos-arm64 | 2.2.4 | 40.00 | NOTE | |||
r-oldrel-macos-x86_64 | 2.2.4 | 87.00 | NOTE | |||
r-oldrel-windows-x86_64 | 2.2.4 | 18.00 | 96.00 | 114.00 | NOTE |
Version: 2.2.4
Check: for GNU extensions in Makefiles
Result: NOTE
GNU make is a SystemRequirements.
Flavors: r-patched-linux-x86_64, r-release-linux-x86_64, r-release-macos-arm64, r-release-macos-x86_64, r-release-windows-x86_64, r-oldrel-macos-arm64, r-oldrel-macos-x86_64, r-oldrel-windows-x86_64
These binaries (installable software) and packages are in development.
They may not be fully stable and should be used with caution. We make no claims about them.