CRAN Package Check Results for Package lambdaTS

Last updated on 2025-07-26 07:50:25 CEST.

Flavor Version Tinstall Tcheck Ttotal Status Flags
r-devel-linux-x86_64-debian-clang 1.1 18.09 143.54 161.63 NOTE
r-devel-linux-x86_64-debian-gcc 1.1 14.63 102.96 117.59 NOTE
r-devel-linux-x86_64-fedora-clang 1.1 246.95 OK
r-devel-linux-x86_64-fedora-gcc 1.1 235.93 OK
r-devel-windows-x86_64 1.1 22.00 147.00 169.00 OK
r-patched-linux-x86_64 1.1 18.66 136.38 155.04 OK
r-release-linux-x86_64 1.1 17.30 137.46 154.76 OK
r-release-macos-arm64 1.1 68.00 OK
r-release-macos-x86_64 1.1 101.00 OK
r-release-windows-x86_64 1.1 20.00 137.00 157.00 OK
r-oldrel-macos-arm64 1.1 55.00 OK
r-oldrel-macos-x86_64 1.1 77.00 OK
r-oldrel-windows-x86_64 1.1 27.00 176.00 203.00 OK

Check Details

Version: 1.1
Check: CRAN incoming feasibility
Result: NOTE Maintainer: ‘Giancarlo Vercellino <giancarlo.vercellino@gmail.com>’ No Authors@R field in DESCRIPTION. Please add one, modifying Authors@R: person(given = "Giancarlo", family = "Vercellino", role = c("aut", "cre"), email = "giancarlo.vercellino@gmail.com") as necessary. Flavors: r-devel-linux-x86_64-debian-clang, r-devel-linux-x86_64-debian-gcc

These binaries (installable software) and packages are in development.
They may not be fully stable and should be used with caution. We make no claims about them.