Last updated on 2025-10-23 21:51:30 CEST.
Flavor | Version | Tinstall | Tcheck | Ttotal | Status | Flags |
---|---|---|---|---|---|---|
r-devel-linux-x86_64-debian-clang | 1.2.5 | 2.37 | 49.35 | 51.72 | NOTE | |
r-devel-linux-x86_64-debian-gcc | 1.2.5 | 1.77 | 40.44 | 42.21 | OK | |
r-devel-linux-x86_64-fedora-clang | 1.2.5 | 72.53 | OK | |||
r-devel-linux-x86_64-fedora-gcc | 1.2.5 | 86.47 | OK | |||
r-devel-windows-x86_64 | 1.2.5 | 4.00 | 76.00 | 80.00 | OK | |
r-patched-linux-x86_64 | 1.2.5 | 2.60 | 46.74 | 49.34 | OK | |
r-release-linux-x86_64 | 1.2.5 | 2.25 | 45.84 | 48.09 | OK | |
r-release-macos-arm64 | 1.2.5 | 1.00 | 53.00 | 54.00 | OK | |
r-release-macos-x86_64 | 1.2.5 | 2.00 | 74.00 | 76.00 | OK | |
r-release-windows-x86_64 | 1.2.5 | 5.00 | 77.00 | 82.00 | OK | |
r-oldrel-macos-arm64 | 1.2.5 | 1.00 | 44.00 | 45.00 | OK | |
r-oldrel-macos-x86_64 | 1.2.5 | 2.00 | 59.00 | 61.00 | OK | |
r-oldrel-windows-x86_64 | 1.2.5 | 6.00 | 86.00 | 92.00 | OK |
Version: 1.2.5
Check: HTML version of manual
Result: NOTE
Found the following HTML validation problems:
condition.html:70:1 (condition.Rd:24): Warning: missing </ul> before </div>
config_or_runtime_api.html:49:1 (config_or_runtime_api.Rd:11): Warning: missing </ul> before </div>
extract_event_headers.html:50:1 (extract_event_headers.Rd:11): Warning: missing </ul> before </div>
get_handler_function_from_env_var.html:52:1 (get_handler_function_from_env_var.Rd:11): Warning: missing </ul> before </div>
post_lambda_error.html:73:1 (post_lambda_error.Rd:12): Warning: missing </ul> before </div>
start_listening.html:55:1 (start_listening.Rd:17): Warning: missing </ul> before </div>
stop_decomposition.html:69:1 (stop_decomposition.Rd:18): Warning: missing </ul> before </div>
Flavor: r-devel-linux-x86_64-debian-clang
These binaries (installable software) and packages are in development.
They may not be fully stable and should be used with caution. We make no claims about them.