Last updated on 2025-10-25 05:50:06 CEST.
| Flavor | Version | Tinstall | Tcheck | Ttotal | Status | Flags |
|---|---|---|---|---|---|---|
| r-devel-linux-x86_64-debian-clang | 0.3.1 | 93.70 | 70.88 | 164.58 | OK | |
| r-devel-linux-x86_64-debian-gcc | 0.3.1 | 61.12 | 44.48 | 105.60 | OK | |
| r-devel-linux-x86_64-fedora-clang | 0.3.1 | 230.00 | 16.27 | 246.27 | OK | |
| r-devel-linux-x86_64-fedora-gcc | 0.3.1 | 192.00 | 64.60 | 256.60 | OK | |
| r-devel-windows-x86_64 | 0.3.1 | 73.00 | 97.00 | 170.00 | OK | |
| r-patched-linux-x86_64 | 0.3.1 | 83.02 | 64.62 | 147.64 | OK | |
| r-release-linux-x86_64 | 0.3.1 | 80.28 | 64.46 | 144.74 | OK | |
| r-release-macos-arm64 | 0.3.1 | 33.00 | 30.00 | 63.00 | OK | |
| r-release-macos-x86_64 | 0.3.1 | 80.00 | 60.00 | 140.00 | OK | |
| r-release-windows-x86_64 | 0.3.1 | 76.00 | 96.00 | 172.00 | OK | |
| r-oldrel-macos-arm64 | 0.3.1 | 32.00 | 30.00 | 62.00 | NOTE | |
| r-oldrel-macos-x86_64 | 0.3.1 | 53.00 | 45.00 | 98.00 | NOTE | |
| r-oldrel-windows-x86_64 | 0.3.1 | 93.00 | 122.00 | 215.00 | OK |
Version: 0.3.1
Check: installed package size
Result: NOTE
installed size is 8.4Mb
sub-directories of 1Mb or more:
libs 8.2Mb
Flavors: r-oldrel-macos-arm64, r-oldrel-macos-x86_64
These binaries (installable software) and packages are in development.
They may not be fully stable and should be used with caution. We make no claims about them.