Last updated on 2024-07-27 15:50:22 CEST.
Flavor | Version | Tinstall | Tcheck | Ttotal | Status | Flags |
---|---|---|---|---|---|---|
r-devel-linux-x86_64-debian-clang | 0.3.1 | 108.04 | 91.74 | 199.78 | OK | |
r-devel-linux-x86_64-debian-gcc | 0.3.1 | OK | ||||
r-devel-linux-x86_64-fedora-clang | 0.3.1 | 247.55 | OK | |||
r-devel-linux-x86_64-fedora-gcc | 0.3.1 | 256.44 | OK | |||
r-devel-windows-x86_64 | 0.3.1 | 73.00 | 93.00 | 166.00 | OK | |
r-patched-linux-x86_64 | 0.3.1 | OK | ||||
r-release-linux-x86_64 | 0.3.1 | 82.62 | 84.15 | 166.77 | OK | |
r-release-macos-arm64 | 0.3.1 | 62.00 | NOTE | |||
r-release-macos-x86_64 | 0.3.1 | 98.00 | NOTE | |||
r-release-windows-x86_64 | 0.3.1 | 74.00 | 95.00 | 169.00 | OK | |
r-oldrel-macos-arm64 | 0.3.1 | 66.00 | NOTE | |||
r-oldrel-macos-x86_64 | 0.3.1 | 193.00 | NOTE | |||
r-oldrel-windows-x86_64 | 0.3.1 | 89.00 | 121.00 | 210.00 | OK |
Version: 0.3.1
Check: installed package size
Result: NOTE
installed size is 8.4Mb
sub-directories of 1Mb or more:
libs 8.2Mb
Flavors: r-release-macos-arm64, r-release-macos-x86_64, r-oldrel-macos-arm64, r-oldrel-macos-x86_64
These binaries (installable software) and packages are in development.
They may not be fully stable and should be used with caution. We make no claims about them.