CRAN Package Check Results for Package landest

Last updated on 2025-05-01 17:56:07 CEST.

Flavor Version Tinstall Tcheck Ttotal Status Flags
r-devel-linux-x86_64-debian-clang 1.2 6.37 57.79 64.16 NOTE
r-devel-linux-x86_64-debian-gcc 1.2 5.53 42.80 48.33 NOTE
r-devel-linux-x86_64-fedora-clang 1.2 98.54 OK
r-devel-linux-x86_64-fedora-gcc 1.2 96.58 OK
r-devel-windows-x86_64 1.2 8.00 78.00 86.00 OK
r-patched-linux-x86_64 1.2 7.04 55.30 62.34 OK
r-release-linux-x86_64 OK
r-release-macos-arm64 1.2 33.00 OK
r-release-macos-x86_64 1.2 90.00 OK
r-release-windows-x86_64 1.2 7.00 82.00 89.00 OK
r-oldrel-macos-arm64 1.2 30.00 OK
r-oldrel-macos-x86_64 1.2 46.00 OK
r-oldrel-windows-x86_64 1.2 9.00 81.00 90.00 OK

Check Details

Version: 1.2
Check: CRAN incoming feasibility
Result: NOTE Maintainer: ‘Layla Parast <parast@austin.utexas.edu>’ No Authors@R field in DESCRIPTION. Please add one, modifying Authors@R: person(given = "Layla", family = "Parast", role = c("aut", "cre"), email = "parast@austin.utexas.edu") as necessary. Flavors: r-devel-linux-x86_64-debian-clang, r-devel-linux-x86_64-debian-gcc

These binaries (installable software) and packages are in development.
They may not be fully stable and should be used with caution. We make no claims about them.