Last updated on 2025-11-24 13:50:01 CET.
| Flavor | Version | Tinstall | Tcheck | Ttotal | Status | Flags |
|---|---|---|---|---|---|---|
| r-devel-linux-x86_64-debian-clang | 1.2 | 6.87 | 59.79 | 66.66 | NOTE | |
| r-devel-linux-x86_64-debian-gcc | 1.2 | 5.33 | 45.32 | 50.65 | NOTE | |
| r-devel-linux-x86_64-fedora-clang | 1.2 | 14.00 | 87.55 | 101.55 | OK | |
| r-devel-linux-x86_64-fedora-gcc | 1.2 | 14.00 | 79.13 | 93.13 | OK | |
| r-devel-windows-x86_64 | 1.2 | 10.00 | 69.00 | 79.00 | OK | |
| r-patched-linux-x86_64 | 1.2 | 6.90 | 56.70 | 63.60 | OK | |
| r-release-linux-x86_64 | 1.2 | 7.01 | 56.90 | 63.91 | OK | |
| r-release-macos-arm64 | 1.2 | OK | ||||
| r-release-macos-x86_64 | 1.2 | 12.00 | 78.00 | 90.00 | OK | |
| r-release-windows-x86_64 | 1.2 | 8.00 | 84.00 | 92.00 | OK | |
| r-oldrel-macos-arm64 | 1.2 | OK | ||||
| r-oldrel-macos-x86_64 | 1.2 | 5.00 | 41.00 | 46.00 | OK | |
| r-oldrel-windows-x86_64 | 1.2 | 10.00 | 86.00 | 96.00 | OK |
Version: 1.2
Check: CRAN incoming feasibility
Result: NOTE
Maintainer: ‘Layla Parast <parast@austin.utexas.edu>’
No Authors@R field in DESCRIPTION.
Please add one, modifying
Authors@R: person(given = "Layla",
family = "Parast",
role = c("aut", "cre"),
email = "parast@austin.utexas.edu")
as necessary.
Flavors: r-devel-linux-x86_64-debian-clang, r-devel-linux-x86_64-debian-gcc
These binaries (installable software) and packages are in development.
They may not be fully stable and should be used with caution. We make no claims about them.