CRAN Package Check Results for Package landest

Last updated on 2025-07-26 07:50:25 CEST.

Flavor Version Tinstall Tcheck Ttotal Status Flags
r-devel-linux-x86_64-debian-clang 1.2 7.28 58.26 65.54 NOTE
r-devel-linux-x86_64-debian-gcc 1.2 5.22 43.42 48.64 NOTE
r-devel-linux-x86_64-fedora-clang 1.2 96.71 OK
r-devel-linux-x86_64-fedora-gcc 1.2 93.36 OK
r-devel-windows-x86_64 1.2 8.00 86.00 94.00 OK
r-patched-linux-x86_64 1.2 7.05 54.62 61.67 OK
r-release-linux-x86_64 1.2 7.25 54.92 62.17 OK
r-release-macos-arm64 1.2 33.00 OK
r-release-macos-x86_64 1.2 90.00 OK
r-release-windows-x86_64 1.2 9.00 92.00 101.00 OK
r-oldrel-macos-arm64 1.2 30.00 OK
r-oldrel-macos-x86_64 1.2 46.00 OK
r-oldrel-windows-x86_64 1.2 12.00 83.00 95.00 OK

Check Details

Version: 1.2
Check: CRAN incoming feasibility
Result: NOTE Maintainer: ‘Layla Parast <parast@austin.utexas.edu>’ No Authors@R field in DESCRIPTION. Please add one, modifying Authors@R: person(given = "Layla", family = "Parast", role = c("aut", "cre"), email = "parast@austin.utexas.edu") as necessary. Flavors: r-devel-linux-x86_64-debian-clang, r-devel-linux-x86_64-debian-gcc

These binaries (installable software) and packages are in development.
They may not be fully stable and should be used with caution. We make no claims about them.