CRAN Package Check Results for Package landmix

Last updated on 2025-05-08 04:52:09 CEST.

Flavor Version Tinstall Tcheck Ttotal Status Flags
r-devel-linux-x86_64-debian-clang 1.0 2.31 23.34 25.65 NOTE
r-devel-linux-x86_64-debian-gcc 1.0 1.61 17.77 19.38 NOTE
r-devel-linux-x86_64-fedora-clang 1.0 40.18 NOTE
r-devel-linux-x86_64-fedora-gcc 1.0 38.70 NOTE
r-devel-windows-x86_64 1.0 3.00 44.00 47.00 NOTE
r-patched-linux-x86_64 1.0 2.42 22.50 24.92 NOTE
r-release-linux-x86_64 1.0 2.46 22.45 24.91 NOTE
r-release-macos-arm64 1.0 19.00 NOTE
r-release-macos-x86_64 1.0 28.00 NOTE
r-release-windows-x86_64 1.0 3.00 49.00 52.00 NOTE
r-oldrel-macos-arm64 1.0 17.00 NOTE
r-oldrel-macos-x86_64 1.0 26.00 NOTE
r-oldrel-windows-x86_64 1.0 3.00 44.00 47.00 NOTE

Check Details

Version: 1.0
Check: Rd files
Result: NOTE checkRd: (-1) GenerateData.Rd:35-36: Lost braces in \itemize; \value handles \item{}{} directly checkRd: (-1) GenerateData.Rd:37-38: Lost braces in \itemize; \value handles \item{}{} directly checkRd: (-1) GenerateData.Rd:39-40: Lost braces in \itemize; \value handles \item{}{} directly checkRd: (-1) GenerateData.Rd:41-42: Lost braces in \itemize; \value handles \item{}{} directly checkRd: (-1) GenerateData.Rd:43-44: Lost braces in \itemize; \value handles \item{}{} directly checkRd: (-1) GenerateData.Rd:45: Lost braces in \itemize; \value handles \item{}{} directly checkRd: (-1) landmix.estimator.Rd:59-65: Lost braces in \itemize; \value handles \item{}{} directly checkRd: (-1) landmix.estimator.Rd:67-74: Lost braces in \itemize; \value handles \item{}{} directly Flavors: r-devel-linux-x86_64-debian-clang, r-devel-linux-x86_64-debian-gcc, r-devel-linux-x86_64-fedora-clang, r-devel-linux-x86_64-fedora-gcc, r-devel-windows-x86_64, r-patched-linux-x86_64, r-release-linux-x86_64, r-release-macos-arm64, r-release-macos-x86_64, r-release-windows-x86_64, r-oldrel-macos-arm64, r-oldrel-macos-x86_64, r-oldrel-windows-x86_64

These binaries (installable software) and packages are in development.
They may not be fully stable and should be used with caution. We make no claims about them.