Last updated on 2025-11-13 03:51:06 CET.
| Flavor | Version | Tinstall | Tcheck | Ttotal | Status | Flags |
|---|---|---|---|---|---|---|
| r-devel-linux-x86_64-debian-clang | 1.2 | 6.60 | 56.85 | 63.45 | NOTE | |
| r-devel-linux-x86_64-debian-gcc | 1.2 | 5.37 | 44.02 | 49.39 | NOTE | |
| r-devel-linux-x86_64-fedora-clang | 1.2 | 27.00 | 72.93 | 99.93 | OK | |
| r-devel-linux-x86_64-fedora-gcc | 1.2 | 13.00 | 74.48 | 87.48 | OK | |
| r-devel-windows-x86_64 | 1.2 | 8.00 | 73.00 | 81.00 | OK | |
| r-patched-linux-x86_64 | 1.2 | 6.41 | 54.23 | 60.64 | OK | |
| r-release-linux-x86_64 | 1.2 | 5.24 | 54.30 | 59.54 | OK | |
| r-release-macos-arm64 | 1.2 | 3.00 | 31.00 | 34.00 | OK | |
| r-release-macos-x86_64 | 1.2 | 9.00 | 79.00 | 88.00 | OK | |
| r-release-windows-x86_64 | 1.2 | 8.00 | 71.00 | 79.00 | OK | |
| r-oldrel-macos-arm64 | 1.2 | 3.00 | 29.00 | 32.00 | OK | |
| r-oldrel-macos-x86_64 | 1.2 | 4.00 | 43.00 | 47.00 | OK | |
| r-oldrel-windows-x86_64 | 1.2 | 9.00 | 81.00 | 90.00 | OK |
Version: 1.2
Check: CRAN incoming feasibility
Result: NOTE
Maintainer: ‘Layla Parast <parast@austin.utexas.edu>’
No Authors@R field in DESCRIPTION.
Please add one, modifying
Authors@R: person(given = "Layla",
family = "Parast",
role = c("aut", "cre"),
email = "parast@austin.utexas.edu")
as necessary.
Flavors: r-devel-linux-x86_64-debian-clang, r-devel-linux-x86_64-debian-gcc
These binaries (installable software) and packages are in development.
They may not be fully stable and should be used with caution. We make no claims about them.