CRAN Package Check Results for Package landsat

Last updated on 2025-11-13 17:50:38 CET.

Flavor Version Tinstall Tcheck Ttotal Status Flags
r-devel-linux-x86_64-debian-clang 1.1.2 8.28 85.25 93.53 NOTE
r-devel-linux-x86_64-debian-gcc 1.1.2 6.92 62.21 69.13 NOTE
r-devel-linux-x86_64-fedora-clang 1.1.2 37.00 110.15 147.15 NOTE
r-devel-linux-x86_64-fedora-gcc 1.1.2 19.00 114.87 133.87 NOTE
r-devel-windows-x86_64 1.1.2 9.00 98.00 107.00 NOTE
r-patched-linux-x86_64 1.1.2 8.74 81.90 90.64 NOTE
r-release-linux-x86_64 1.1.2 8.93 82.54 91.47 NOTE
r-release-macos-arm64 1.1.2 4.00 50.00 54.00 NOTE
r-release-macos-x86_64 1.1.2 12.00 114.00 126.00 NOTE
r-release-windows-x86_64 1.1.2 10.00 95.00 105.00 NOTE
r-oldrel-macos-arm64 1.1.2 4.00 38.00 42.00 NOTE
r-oldrel-macos-x86_64 1.1.2 7.00 59.00 66.00 NOTE
r-oldrel-windows-x86_64 1.1.2 12.00 125.00 137.00 NOTE

Check Details

Version: 1.1.2
Check: Rd files
Result: NOTE checkRd: (-1) DOS.Rd:34: Lost braces; missing escapes or markup? 34 | Band-specific sensor $G_{rescale}$ (gain). Require either gain and offset or Grescale and Brescale to convert DN to radiance. | ^ checkRd: (-1) DOS.Rd:37: Lost braces; missing escapes or markup? 37 | Band-specific sensor $B_{rescale}$ (bias). Require either gain and offset or Grescale and Brescale to convert DN to radiance. | ^ Flavors: r-devel-linux-x86_64-debian-clang, r-devel-linux-x86_64-debian-gcc, r-devel-linux-x86_64-fedora-clang, r-devel-linux-x86_64-fedora-gcc, r-devel-windows-x86_64, r-patched-linux-x86_64, r-release-linux-x86_64, r-release-macos-arm64, r-release-macos-x86_64, r-release-windows-x86_64, r-oldrel-macos-arm64, r-oldrel-macos-x86_64, r-oldrel-windows-x86_64

These binaries (installable software) and packages are in development.
They may not be fully stable and should be used with caution. We make no claims about them.