Last updated on 2025-02-16 08:50:50 CET.
Flavor | Version | Tinstall | Tcheck | Ttotal | Status | Flags |
---|---|---|---|---|---|---|
r-devel-linux-x86_64-debian-clang | 2.2.1 | 88.37 | 243.70 | 332.07 | OK | |
r-devel-linux-x86_64-debian-gcc | 2.2.1 | 61.49 | 158.08 | 219.57 | OK | |
r-devel-linux-x86_64-fedora-clang | 2.2.1 | 510.57 | OK | |||
r-devel-linux-x86_64-fedora-gcc | 2.2.1 | 423.51 | OK | |||
r-devel-macos-arm64 | 2.2.1 | 5.00 | ERROR | |||
r-devel-macos-x86_64 | 2.2.1 | 306.00 | OK | |||
r-devel-windows-x86_64 | 2.2.1 | 100.00 | 298.00 | 398.00 | OK | |
r-patched-linux-x86_64 | 2.2.1 | 88.98 | 222.19 | 311.17 | OK | |
r-release-linux-x86_64 | 2.2.1 | 84.04 | 222.78 | 306.82 | OK | |
r-release-macos-arm64 | 2.2.1 | 138.00 | NOTE | |||
r-release-macos-x86_64 | 2.2.1 | 316.00 | NOTE | |||
r-release-windows-x86_64 | 2.2.1 | 66.00 | 303.00 | 369.00 | OK | |
r-oldrel-macos-arm64 | 2.2 | 147.00 | NOTE | |||
r-oldrel-macos-x86_64 | 2.2.1 | 318.00 | NOTE | |||
r-oldrel-windows-x86_64 | 2.2.1 | 75.00 | 343.00 | 418.00 | OK |
Version: 2.2.1
Check: package dependencies
Result: ERROR
Package required but not available: ‘terra’
See section ‘The DESCRIPTION file’ in the ‘Writing R Extensions’
manual.
Flavor: r-devel-macos-arm64
Version: 2.2.1
Check: installed package size
Result: NOTE
installed size is 5.5Mb
sub-directories of 1Mb or more:
libs 3.8Mb
Flavors: r-release-macos-arm64, r-release-macos-x86_64, r-oldrel-macos-x86_64
Version: 2.2
Check: installed package size
Result: NOTE
installed size is 5.4Mb
sub-directories of 1Mb or more:
libs 3.8Mb
Flavor: r-oldrel-macos-arm64
These binaries (installable software) and packages are in development.
They may not be fully stable and should be used with caution. We make no claims about them.