Last updated on 2025-07-02 03:50:44 CEST.
Flavor | Version | Tinstall | Tcheck | Ttotal | Status | Flags |
---|---|---|---|---|---|---|
r-devel-linux-x86_64-debian-clang | 2.2.1 | 92.45 | 252.81 | 345.26 | OK | |
r-devel-linux-x86_64-debian-gcc | 2.2.1 | 63.63 | 165.01 | 228.64 | OK | |
r-devel-linux-x86_64-fedora-clang | 2.2.1 | 595.47 | OK | |||
r-devel-linux-x86_64-fedora-gcc | 2.2.1 | 531.58 | OK | |||
r-devel-windows-x86_64 | 2.2.1 | 111.00 | 307.00 | 418.00 | OK | |
r-patched-linux-x86_64 | OK | |||||
r-release-linux-x86_64 | 2.2.1 | 83.82 | 234.49 | 318.31 | OK | |
r-release-macos-arm64 | 2.2.1 | 181.00 | OK | |||
r-release-macos-x86_64 | 2.2.1 | 318.00 | OK | |||
r-release-windows-x86_64 | 2.2.1 | 108.00 | 308.00 | 416.00 | OK | |
r-oldrel-macos-arm64 | 2.2.1 | 138.00 | NOTE | |||
r-oldrel-macos-x86_64 | 2.2.1 | 316.00 | NOTE | |||
r-oldrel-windows-x86_64 | 2.2.1 | 125.00 | 387.00 | 512.00 | OK |
Version: 2.2.1
Check: installed package size
Result: NOTE
installed size is 5.5Mb
sub-directories of 1Mb or more:
libs 3.8Mb
Flavors: r-oldrel-macos-arm64, r-oldrel-macos-x86_64
These binaries (installable software) and packages are in development.
They may not be fully stable and should be used with caution. We make no claims about them.