Last updated on 2024-07-27 15:50:22 CEST.
Flavor | Version | Tinstall | Tcheck | Ttotal | Status | Flags |
---|---|---|---|---|---|---|
r-devel-linux-x86_64-debian-clang | 2.1.4 | 126.25 | 308.86 | 435.11 | OK | |
r-devel-linux-x86_64-debian-gcc | 2.1.4 | OK | ||||
r-devel-linux-x86_64-fedora-clang | 2.1.4 | 575.34 | OK | |||
r-devel-linux-x86_64-fedora-gcc | 2.1.4 | 564.00 | OK | |||
r-devel-windows-x86_64 | 2.1.4 | 91.00 | 280.00 | 371.00 | OK | |
r-patched-linux-x86_64 | 2.1.4 | OK | ||||
r-release-linux-x86_64 | 2.1.3 | 103.32 | 280.63 | 383.95 | OK | |
r-release-macos-arm64 | 2.1.4 | 137.00 | NOTE | |||
r-release-macos-x86_64 | 2.1.4 | 358.00 | NOTE | |||
r-release-windows-x86_64 | 2.1.4 | 101.00 | 278.00 | 379.00 | OK | |
r-oldrel-macos-arm64 | 2.1.4 | 152.00 | NOTE | |||
r-oldrel-macos-x86_64 | 2.1.4 | 268.00 | NOTE | |||
r-oldrel-windows-x86_64 | 2.1.4 | 120.00 | 354.00 | 474.00 | OK |
Version: 2.1.4
Check: installed package size
Result: NOTE
installed size is 5.5Mb
sub-directories of 1Mb or more:
libs 3.8Mb
Flavors: r-release-macos-arm64, r-release-macos-x86_64, r-oldrel-macos-arm64, r-oldrel-macos-x86_64
These binaries (installable software) and packages are in development.
They may not be fully stable and should be used with caution. We make no claims about them.