Last updated on 2025-11-11 15:50:37 CET.
| Flavor | Version | Tinstall | Tcheck | Ttotal | Status | Flags |
|---|---|---|---|---|---|---|
| r-devel-linux-x86_64-debian-clang | 2.2.1 | 91.20 | 259.74 | 350.94 | OK | |
| r-devel-linux-x86_64-debian-gcc | 2.2.1 | 54.93 | 169.99 | 224.92 | OK | |
| r-devel-linux-x86_64-fedora-clang | 2.2.1 | 294.00 | 351.73 | 645.73 | OK | |
| r-devel-linux-x86_64-fedora-gcc | 2.2.1 | 167.00 | 384.91 | 551.91 | OK | |
| r-devel-windows-x86_64 | 2.2.1 | 112.00 | 304.00 | 416.00 | OK | |
| r-patched-linux-x86_64 | 2.2.1 | 93.96 | 244.36 | 338.32 | OK | |
| r-release-linux-x86_64 | 2.2.1 | 85.61 | 244.01 | 329.62 | OK | |
| r-release-macos-arm64 | 2.2.1 | 43.00 | 138.00 | 181.00 | OK | |
| r-release-macos-x86_64 | 2.2.1 | 32.00 | 286.00 | 318.00 | OK | |
| r-release-windows-x86_64 | 2.2.1 | 108.00 | 299.00 | 407.00 | OK | |
| r-oldrel-macos-arm64 | 2.2.1 | 28.00 | 110.00 | 138.00 | NOTE | |
| r-oldrel-macos-x86_64 | 2.2.1 | 40.00 | 276.00 | 316.00 | NOTE | |
| r-oldrel-windows-x86_64 | 2.2.1 | 128.00 | 397.00 | 525.00 | OK |
Version: 2.2.1
Check: installed package size
Result: NOTE
installed size is 5.5Mb
sub-directories of 1Mb or more:
libs 3.8Mb
Flavors: r-oldrel-macos-arm64, r-oldrel-macos-x86_64
These binaries (installable software) and packages are in development.
They may not be fully stable and should be used with caution. We make no claims about them.