Last updated on 2025-02-16 08:50:50 CET.
Flavor | Version | Tinstall | Tcheck | Ttotal | Status | Flags |
---|---|---|---|---|---|---|
r-devel-linux-x86_64-debian-clang | 1.5.1 | 56.44 | 177.30 | 233.74 | OK | |
r-devel-linux-x86_64-debian-gcc | 1.5.1 | 42.63 | 130.18 | 172.81 | OK | |
r-devel-linux-x86_64-fedora-clang | 1.5.1 | 411.40 | OK | |||
r-devel-linux-x86_64-fedora-gcc | 1.5.1 | 406.28 | OK | |||
r-devel-macos-arm64 | 1.5.1 | 122.00 | OK | |||
r-devel-macos-x86_64 | 1.5.1 | 235.00 | OK | |||
r-devel-windows-x86_64 | 1.5.1 | 63.00 | 233.00 | 296.00 | OK | |
r-patched-linux-x86_64 | 1.5.1 | 58.36 | 164.69 | 223.05 | OK | |
r-release-linux-x86_64 | 1.5.1 | 60.45 | 164.66 | 225.11 | OK | |
r-release-macos-arm64 | 1.5.1 | 117.00 | NOTE | |||
r-release-macos-x86_64 | 1.5.1 | 264.00 | NOTE | |||
r-release-windows-x86_64 | 1.5.1 | 64.00 | 231.00 | 295.00 | NOTE | |
r-oldrel-macos-arm64 | 1.5.1 | 132.00 | NOTE | |||
r-oldrel-macos-x86_64 | 1.5.1 | 308.00 | NOTE | |||
r-oldrel-windows-x86_64 | 1.5.1 | 79.00 | 263.00 | 342.00 | NOTE |
Version: 1.5.1
Check: installed package size
Result: NOTE
installed size is 10.1Mb
sub-directories of 1Mb or more:
doc 1.8Mb
libs 5.8Mb
Flavors: r-release-macos-arm64, r-release-macos-x86_64, r-release-windows-x86_64, r-oldrel-macos-arm64, r-oldrel-macos-x86_64, r-oldrel-windows-x86_64
These binaries (installable software) and packages are in development.
They may not be fully stable and should be used with caution. We make no claims about them.