Last updated on 2025-05-08 04:52:09 CEST.
Flavor | Version | Tinstall | Tcheck | Ttotal | Status | Flags |
---|---|---|---|---|---|---|
r-devel-linux-x86_64-debian-clang | 1.5.1 | 61.82 | 177.43 | 239.25 | OK | |
r-devel-linux-x86_64-debian-gcc | 1.5.1 | 43.33 | 132.40 | 175.73 | OK | |
r-devel-linux-x86_64-fedora-clang | 1.5.1 | 426.64 | OK | |||
r-devel-linux-x86_64-fedora-gcc | 1.5.1 | 436.86 | OK | |||
r-devel-windows-x86_64 | 1.5.1 | 71.00 | 234.00 | 305.00 | OK | |
r-patched-linux-x86_64 | 1.5.1 | 59.05 | 170.42 | 229.47 | OK | |
r-release-linux-x86_64 | 1.5.1 | 58.28 | 170.00 | 228.28 | OK | |
r-release-macos-arm64 | 1.5.1 | 216.00 | OK | |||
r-release-macos-x86_64 | 1.5.1 | 261.00 | OK | |||
r-release-windows-x86_64 | 1.5.1 | 69.00 | 241.00 | 310.00 | OK | |
r-oldrel-macos-arm64 | 1.5.1 | 117.00 | NOTE | |||
r-oldrel-macos-x86_64 | 1.5.1 | 264.00 | NOTE | |||
r-oldrel-windows-x86_64 | 1.5.1 | 83.00 | 289.00 | 372.00 | NOTE |
Version: 1.5.1
Check: installed package size
Result: NOTE
installed size is 10.1Mb
sub-directories of 1Mb or more:
doc 1.8Mb
libs 5.8Mb
Flavors: r-oldrel-macos-arm64, r-oldrel-macos-x86_64, r-oldrel-windows-x86_64
These binaries (installable software) and packages are in development.
They may not be fully stable and should be used with caution. We make no claims about them.