CRAN Package Check Results for Package languageR

Last updated on 2025-02-19 16:50:52 CET.

Flavor Version Tinstall Tcheck Ttotal Status Flags
r-devel-linux-x86_64-debian-clang 1.5.0 6.08 55.77 61.85 NOTE
r-devel-linux-x86_64-debian-gcc 1.5.0 4.92 39.12 44.04 NOTE
r-devel-linux-x86_64-fedora-clang 1.5.0 98.36 OK
r-devel-linux-x86_64-fedora-gcc 1.5.0 93.33 OK
r-devel-macos-arm64 1.5.0 31.00 OK
r-devel-macos-x86_64 1.5.0 54.00 OK
r-devel-windows-x86_64 1.5.0 10.00 116.00 126.00 NOTE
r-patched-linux-x86_64 1.5.0 8.10 50.95 59.05 OK
r-release-linux-x86_64 1.5.0 6.95 52.34 59.29 OK
r-release-macos-arm64 1.5.0 30.00 OK
r-release-macos-x86_64 1.5.0 47.00 OK
r-release-windows-x86_64 1.5.0 10.00 110.00 120.00 OK
r-oldrel-macos-arm64 1.5.0 31.00 OK
r-oldrel-macos-x86_64 1.5.0 50.00 OK
r-oldrel-windows-x86_64 1.5.0 11.00 122.00 133.00 OK

Check Details

Version: 1.5.0
Check: Rd cross-references
Result: NOTE Found the following Rd file(s) with Rd \link{} targets missing package anchors: xylowess.fnc.Rd: xyplot Please provide package anchors for all Rd \link{} targets not in the package itself and the base packages. Flavors: r-devel-linux-x86_64-debian-clang, r-devel-linux-x86_64-debian-gcc, r-devel-windows-x86_64

These binaries (installable software) and packages are in development.
They may not be fully stable and should be used with caution. We make no claims about them.