CRAN Package Check Results for Package languagelayeR

Last updated on 2025-11-12 12:53:13 CET.

Flavor Version Tinstall Tcheck Ttotal Status Flags
r-devel-linux-x86_64-debian-clang 1.2.4 1.84 29.32 31.16 OK
r-devel-linux-x86_64-debian-gcc 1.2.4 1.79 24.43 26.22 OK
r-devel-linux-x86_64-fedora-clang 1.2.4 12.00 38.41 50.41 OK
r-devel-linux-x86_64-fedora-gcc 1.2.4 59.28 OK
r-devel-windows-x86_64 1.2.4 5.00 47.00 52.00 OK
r-patched-linux-x86_64 1.2.4 2.37 28.27 30.64 OK
r-release-linux-x86_64 1.2.4 1.94 28.02 29.96 OK
r-release-macos-arm64 1.2.4 1.00 37.00 38.00 OK
r-release-macos-x86_64 1.2.4 3.00 52.00 55.00 OK
r-release-windows-x86_64 1.2.4 4.00 49.00 53.00 OK
r-oldrel-macos-arm64 1.2.4 2.00 24.00 26.00 NOTE
r-oldrel-macos-x86_64 1.2.4 2.00 41.00 43.00 NOTE
r-oldrel-windows-x86_64 1.2.4 5.00 58.00 63.00 NOTE

Check Details

Version: 1.2.4
Check: LazyData
Result: NOTE 'LazyData' is specified without a 'data' directory Flavors: r-oldrel-macos-arm64, r-oldrel-macos-x86_64, r-oldrel-windows-x86_64

These binaries (installable software) and packages are in development.
They may not be fully stable and should be used with caution. We make no claims about them.