CRAN Package Check Results for Package languagelayeR

Last updated on 2025-05-01 15:49:35 CEST.

Flavor Version Tinstall Tcheck Ttotal Status Flags
r-devel-linux-x86_64-debian-clang 1.2.4 2.36 27.77 30.13 OK
r-devel-linux-x86_64-debian-gcc 1.2.4 1.83 23.17 25.00 OK
r-devel-linux-x86_64-fedora-clang 1.2.4 47.73 OK
r-devel-linux-x86_64-fedora-gcc 1.2.4 60.26 OK
r-devel-windows-x86_64 1.2.4 4.00 54.00 58.00 OK
r-patched-linux-x86_64 1.2.4 2.35 27.14 29.49 OK
r-release-linux-x86_64 OK
r-release-macos-arm64 1.2.4 38.00 OK
r-release-macos-x86_64 1.2.4 55.00 OK
r-release-windows-x86_64 1.2.4 4.00 55.00 59.00 OK
r-oldrel-macos-arm64 1.2.4 26.00 NOTE
r-oldrel-macos-x86_64 1.2.4 43.00 NOTE
r-oldrel-windows-x86_64 1.2.4 5.00 54.00 59.00 NOTE

Check Details

Version: 1.2.4
Check: LazyData
Result: NOTE 'LazyData' is specified without a 'data' directory Flavors: r-oldrel-macos-arm64, r-oldrel-macos-x86_64, r-oldrel-windows-x86_64

These binaries (installable software) and packages are in development.
They may not be fully stable and should be used with caution. We make no claims about them.