CRAN Package Check Results for Package languageserversetup

Last updated on 2025-11-11 15:50:37 CET.

Flavor Version Tinstall Tcheck Ttotal Status Flags
r-devel-linux-x86_64-debian-clang 0.1.2 1.75 22.24 23.99 OK
r-devel-linux-x86_64-debian-gcc 0.1.2 1.56 19.10 20.66 OK
r-devel-linux-x86_64-fedora-clang 0.1.2 35.60 OK
r-devel-linux-x86_64-fedora-gcc 0.1.2 31.39 OK
r-devel-windows-x86_64 0.1.2 3.00 42.00 45.00 OK
r-patched-linux-x86_64 0.1.2 2.00 20.04 22.04 OK
r-release-linux-x86_64 0.1.2 1.36 19.99 21.35 OK
r-release-macos-arm64 0.1.2 1.00 16.00 17.00 OK
r-release-macos-x86_64 0.1.2 2.00 23.00 25.00 OK
r-release-windows-x86_64 0.1.2 4.00 42.00 46.00 OK
r-oldrel-macos-arm64 0.1.2 1.00 15.00 16.00 NOTE
r-oldrel-macos-x86_64 0.1.2 2.00 20.00 22.00 NOTE
r-oldrel-windows-x86_64 0.1.2 3.00 45.00 48.00 NOTE

Check Details

Version: 0.1.2
Check: LazyData
Result: NOTE 'LazyData' is specified without a 'data' directory Flavors: r-oldrel-macos-arm64, r-oldrel-macos-x86_64, r-oldrel-windows-x86_64

These binaries (installable software) and packages are in development.
They may not be fully stable and should be used with caution. We make no claims about them.