Last updated on 2024-07-27 15:50:22 CEST.
Flavor | Version | Tinstall | Tcheck | Ttotal | Status | Flags |
---|---|---|---|---|---|---|
r-devel-linux-x86_64-debian-clang | 5.2.8 | 31.91 | 241.56 | 273.47 | OK | |
r-devel-linux-x86_64-debian-gcc | 5.2.8 | NOTE | ||||
r-devel-linux-x86_64-fedora-clang | 5.2.8 | 356.81 | OK | |||
r-devel-linux-x86_64-fedora-gcc | 5.2.8 | 335.28 | OK | |||
r-devel-windows-x86_64 | 5.2.8 | 27.00 | 216.00 | 243.00 | NOTE | |
r-patched-linux-x86_64 | 5.2.8 | OK | ||||
r-release-linux-x86_64 | 5.2.8 | 19.13 | 228.32 | 247.45 | OK | |
r-release-macos-arm64 | 5.2.8 | 89.00 | OK | |||
r-release-macos-x86_64 | 5.2.8 | 191.00 | OK | |||
r-release-windows-x86_64 | 5.2.8 | 27.00 | 220.00 | 247.00 | OK | |
r-oldrel-macos-arm64 | 5.2.8 | 90.00 | OK | |||
r-oldrel-macos-x86_64 | 5.2.8 | 182.00 | OK | |||
r-oldrel-windows-x86_64 | 5.2.8 | 35.00 | 275.00 | 310.00 | OK |
Version: 5.2.8
Check: Rd cross-references
Result: NOTE
Found the following Rd file(s) with Rd \link{} targets missing package
anchors:
tree_var.Rd: rpart
Please provide package anchors for all Rd \link{} targets not in the
package itself and the base packages.
Flavors: r-devel-linux-x86_64-debian-gcc, r-devel-windows-x86_64
These binaries (installable software) and packages are in development.
They may not be fully stable and should be used with caution. We make no claims about them.