CRAN Package Check Results for Package latdiag

Last updated on 2025-11-12 12:53:13 CET.

Flavor Version Tinstall Tcheck Ttotal Status Flags
r-devel-linux-x86_64-debian-clang 0.3 1.72 36.23 37.95 NOTE
r-devel-linux-x86_64-debian-gcc 0.3 1.51 27.57 29.08 NOTE
r-devel-linux-x86_64-fedora-clang 0.3 58.77 OK
r-devel-linux-x86_64-fedora-gcc 0.3 64.99 OK
r-devel-windows-x86_64 0.3 3.00 69.00 72.00 OK
r-patched-linux-x86_64 0.3 1.95 34.31 36.26 OK
r-release-linux-x86_64 0.3 1.80 33.98 35.78 OK
r-release-macos-arm64 0.3 1.00 36.00 37.00 OK
r-release-macos-x86_64 0.3 2.00 55.00 57.00 OK
r-release-windows-x86_64 0.3 3.00 73.00 76.00 OK
r-oldrel-macos-arm64 0.3 1.00 25.00 26.00 OK
r-oldrel-macos-x86_64 0.3 2.00 42.00 44.00 OK
r-oldrel-windows-x86_64 0.3 3.00 76.00 79.00 OK

Check Details

Version: 0.3
Check: CRAN incoming feasibility
Result: NOTE Maintainer: ‘Michael Dewey <lists@dewey.myzen.co.uk>’ Package CITATION file contains call(s) to old-style personList() or as.personList(). Please use c() on person objects instead. Package CITATION file contains call(s) to old-style citEntry(). Please use bibentry() instead. Flavors: r-devel-linux-x86_64-debian-clang, r-devel-linux-x86_64-debian-gcc

These binaries (installable software) and packages are in development.
They may not be fully stable and should be used with caution. We make no claims about them.