Last updated on 2025-02-16 08:50:50 CET.
Flavor | Version | Tinstall | Tcheck | Ttotal | Status | Flags |
---|---|---|---|---|---|---|
r-devel-linux-x86_64-debian-clang | 1.1 | 24.27 | 62.74 | 87.01 | NOTE | |
r-devel-linux-x86_64-debian-gcc | 1.1 | 16.55 | 46.03 | 62.58 | NOTE | |
r-devel-linux-x86_64-fedora-clang | 1.1 | 147.87 | NOTE | |||
r-devel-linux-x86_64-fedora-gcc | 1.1 | 140.58 | NOTE | |||
r-devel-macos-arm64 | 1.1 | 37.00 | NOTE | |||
r-devel-macos-x86_64 | 1.1 | 81.00 | NOTE | |||
r-devel-windows-x86_64 | 1.1 | 26.00 | 106.00 | 132.00 | NOTE | |
r-patched-linux-x86_64 | 1.1 | 21.71 | 59.29 | 81.00 | NOTE | |
r-release-linux-x86_64 | 1.1 | 21.40 | 59.93 | 81.33 | NOTE | |
r-release-macos-arm64 | 1.1 | 40.00 | NOTE | |||
r-release-macos-x86_64 | 1.1 | 62.00 | NOTE | |||
r-release-windows-x86_64 | 1.1 | 27.00 | 94.00 | 121.00 | NOTE | |
r-oldrel-macos-arm64 | 1.1 | 47.00 | NOTE | |||
r-oldrel-macos-x86_64 | 1.1 | 73.00 | NOTE | |||
r-oldrel-windows-x86_64 | 1.1 | 34.00 | 112.00 | 146.00 | NOTE |
Version: 1.1
Check: C++ specification
Result: NOTE
Specified C++11: please drop specification unless essential
Flavors: r-devel-linux-x86_64-debian-clang, r-devel-linux-x86_64-debian-gcc, r-devel-linux-x86_64-fedora-clang, r-devel-linux-x86_64-fedora-gcc, r-devel-macos-arm64, r-devel-macos-x86_64, r-devel-windows-x86_64, r-patched-linux-x86_64, r-release-linux-x86_64, r-release-macos-arm64, r-release-macos-x86_64, r-release-windows-x86_64, r-oldrel-macos-arm64, r-oldrel-macos-x86_64, r-oldrel-windows-x86_64
These binaries (installable software) and packages are in development.
They may not be fully stable and should be used with caution. We make no claims about them.