Last updated on 2025-11-12 12:53:13 CET.
| Flavor | Version | Tinstall | Tcheck | Ttotal | Status | Flags |
|---|---|---|---|---|---|---|
| r-devel-linux-x86_64-debian-clang | 2.12.0 | 20.83 | 227.17 | 248.00 | OK | |
| r-devel-linux-x86_64-debian-gcc | 2.12.0 | 15.37 | 153.90 | 169.27 | OK | |
| r-devel-linux-x86_64-fedora-clang | 2.12.0 | 87.00 | 312.63 | 399.63 | OK | |
| r-devel-linux-x86_64-fedora-gcc | 2.12.0 | 43.00 | 321.36 | 364.36 | OK | |
| r-devel-windows-x86_64 | 2.12.0 | 33.00 | 232.00 | 265.00 | OK | |
| r-patched-linux-x86_64 | 2.12.0 | 25.46 | 215.95 | 241.41 | OK | |
| r-release-linux-x86_64 | 2.12.0 | 17.34 | 215.17 | 232.51 | OK | |
| r-release-macos-arm64 | 2.12.0 | 10.00 | 90.00 | 100.00 | OK | |
| r-release-macos-x86_64 | 2.12.0 | 18.00 | 182.00 | 200.00 | OK | |
| r-release-windows-x86_64 | 2.12.0 | 31.00 | 236.00 | 267.00 | OK | |
| r-oldrel-macos-arm64 | 2.12.0 | 9.00 | 91.00 | 100.00 | NOTE | |
| r-oldrel-macos-x86_64 | 2.12.0 | 20.00 | 217.00 | 237.00 | NOTE | |
| r-oldrel-windows-x86_64 | 2.12.0 | 39.00 | 298.00 | 337.00 | NOTE |
Version: 2.12.0
Check: for GNU extensions in Makefiles
Result: NOTE
GNU make is a SystemRequirements.
Flavors: r-oldrel-macos-arm64, r-oldrel-macos-x86_64, r-oldrel-windows-x86_64
These binaries (installable software) and packages are in development.
They may not be fully stable and should be used with caution. We make no claims about them.