Last updated on 2025-10-23 23:49:34 CEST.
| Flavor | Version | Tinstall | Tcheck | Ttotal | Status | Flags |
|---|---|---|---|---|---|---|
| r-devel-linux-x86_64-debian-clang | 1.4.4 | 27.11 | 52.76 | 79.87 | NOTE | |
| r-devel-linux-x86_64-debian-gcc | 1.4.4 | 19.47 | 38.40 | 57.87 | OK | |
| r-devel-linux-x86_64-fedora-clang | 1.4.4 | 94.00 | 58.21 | 152.21 | OK | |
| r-devel-linux-x86_64-fedora-gcc | 1.4.4 | 52.00 | 88.98 | 140.98 | OK | |
| r-devel-windows-x86_64 | 1.4.4 | 51.00 | 115.00 | 166.00 | OK | |
| r-patched-linux-x86_64 | 1.4.4 | 27.15 | 48.41 | 75.56 | OK | |
| r-release-linux-x86_64 | 1.4.4 | 25.63 | 48.85 | 74.48 | OK | |
| r-release-macos-arm64 | 1.4.4 | 14.00 | 120.00 | 134.00 | OK | |
| r-release-macos-x86_64 | 1.4.4 | 14.00 | 152.00 | 166.00 | OK | |
| r-release-windows-x86_64 | 1.4.4 | 54.00 | 113.00 | 167.00 | OK | |
| r-oldrel-macos-arm64 | 1.4.4 | 18.00 | 129.00 | 147.00 | OK | |
| r-oldrel-macos-x86_64 | 1.4.4 | 20.00 | 152.00 | 172.00 | OK | |
| r-oldrel-windows-x86_64 | 1.4.4 | 60.00 | 136.00 | 196.00 | OK |
Version: 1.4.4
Check: HTML version of manual
Result: NOTE
Found the following HTML validation problems:
loop_empty.html:47:1 (loop_empty.Rd:10): Warning: missing </ul> before </div>
next_op_secs.html:48:1 (next_op_secs.Rd:10): Warning: missing </ul> before </div>
Flavor: r-devel-linux-x86_64-debian-clang
These binaries (installable software) and packages are in development.
They may not be fully stable and should be used with caution. We make no claims about them.