Last updated on 2025-10-31 03:50:10 CET.
| Flavor | Version | Tinstall | Tcheck | Ttotal | Status | Flags | 
|---|---|---|---|---|---|---|
| r-devel-linux-x86_64-debian-clang | 0.1.8 | 2.63 | 30.29 | 32.92 | NOTE | |
| r-devel-linux-x86_64-debian-gcc | 0.1.8 | 1.91 | 23.74 | 25.65 | NOTE | |
| r-devel-linux-x86_64-fedora-clang | 0.1.8 | 50.04 | OK | |||
| r-devel-linux-x86_64-fedora-gcc | 0.1.8 | 56.33 | OK | |||
| r-devel-windows-x86_64 | 0.1.8 | 4.00 | 58.00 | 62.00 | OK | |
| r-patched-linux-x86_64 | 0.1.8 | 3.33 | 29.04 | 32.37 | OK | |
| r-release-linux-x86_64 | 0.1.8 | 2.34 | 28.71 | 31.05 | OK | |
| r-release-macos-arm64 | 0.1.8 | 1.00 | 24.00 | 25.00 | OK | |
| r-release-macos-x86_64 | 0.1.8 | 2.00 | 43.00 | 45.00 | OK | |
| r-release-windows-x86_64 | 0.1.8 | 6.00 | 64.00 | 70.00 | OK | |
| r-oldrel-macos-arm64 | 0.1.8 | 1.00 | 21.00 | 22.00 | OK | |
| r-oldrel-macos-x86_64 | 0.1.8 | 2.00 | 37.00 | 39.00 | OK | |
| r-oldrel-windows-x86_64 | 0.1.8 | 3.00 | 59.00 | 62.00 | OK | 
Version: 0.1.8
Check: CRAN incoming feasibility
Result: NOTE
  Maintainer: ‘Tim Bergsma <bergsmat@gmail.com>’
  
  No Authors@R field in DESCRIPTION.
  Please add one, modifying
    Authors@R: person(given = "Tim",
                      family = "Bergsma",
                      role = c("aut", "cre"),
                      email = "bergsmat@gmail.com")
  as necessary.
Flavors: r-devel-linux-x86_64-debian-clang, r-devel-linux-x86_64-debian-gcc
These binaries (installable software) and packages are in development.
They may not be fully stable and should be used with caution. We make no claims about them.