Last updated on 2025-05-01 12:49:32 CEST.
Flavor | Version | Tinstall | Tcheck | Ttotal | Status | Flags |
---|---|---|---|---|---|---|
r-devel-linux-x86_64-debian-clang | 0.22-7 | 14.66 | 170.54 | 185.20 | NOTE | |
r-devel-linux-x86_64-debian-gcc | 0.22-7 | 9.54 | 115.40 | 124.94 | OK | |
r-devel-linux-x86_64-fedora-clang | 0.22-7 | 291.36 | OK | |||
r-devel-linux-x86_64-fedora-gcc | 0.22-7 | 297.60 | OK | |||
r-devel-windows-x86_64 | 0.22-7 | 18.00 | 202.00 | 220.00 | OK | |
r-patched-linux-x86_64 | 0.22-7 | 14.76 | 162.68 | 177.44 | OK | |
r-release-linux-x86_64 | OK | |||||
r-release-macos-arm64 | 0.22-7 | 117.00 | OK | |||
r-release-macos-x86_64 | 0.22-7 | 305.00 | OK | |||
r-release-windows-x86_64 | 0.22-7 | 20.00 | 216.00 | 236.00 | OK | |
r-oldrel-macos-arm64 | 0.22-7 | 141.00 | OK | |||
r-oldrel-macos-x86_64 | 0.22-7 | 305.00 | OK | |||
r-oldrel-windows-x86_64 | 0.22-7 | 23.00 | 248.00 | 271.00 | OK |
Version: 0.22-7
Check: examples
Result: NOTE
Examples with CPU (user + system) or elapsed time > 5s
user system elapsed
panel.cloud 5.484 0.019 6.936
Flavor: r-devel-linux-x86_64-debian-clang
These binaries (installable software) and packages are in development.
They may not be fully stable and should be used with caution. We make no claims about them.