Last updated on 2025-05-08 04:52:09 CEST.
Flavor | Version | Tinstall | Tcheck | Ttotal | Status | Flags |
---|---|---|---|---|---|---|
r-devel-linux-x86_64-debian-clang | 1.8.1 | 32.39 | 355.11 | 387.50 | NOTE | |
r-devel-linux-x86_64-debian-gcc | 1.8.1 | 23.79 | 234.75 | 258.54 | NOTE | |
r-devel-linux-x86_64-fedora-clang | 1.8.1 | 677.38 | NOTE | |||
r-devel-linux-x86_64-fedora-gcc | 1.8.1 | 614.38 | NOTE | |||
r-devel-windows-x86_64 | 1.8.1 | 37.00 | 336.00 | 373.00 | NOTE | |
r-patched-linux-x86_64 | 1.8.1 | 40.14 | 339.82 | 379.96 | NOTE | |
r-release-linux-x86_64 | 1.8.1 | 37.23 | 340.03 | 377.26 | NOTE | |
r-release-macos-arm64 | 1.8.1 | 176.00 | NOTE | |||
r-release-macos-x86_64 | 1.8.1 | 485.00 | NOTE | |||
r-release-windows-x86_64 | 1.8.1 | 39.00 | 333.00 | 372.00 | NOTE | |
r-oldrel-macos-arm64 | 1.8.1 | 150.00 | OK | |||
r-oldrel-macos-x86_64 | 1.8.1 | 444.00 | OK | |||
r-oldrel-windows-x86_64 | 1.8.1 | 52.00 | 441.00 | 493.00 | OK |
Version: 1.8.1
Check: DESCRIPTION meta-information
Result: NOTE
Missing dependency on R >= 4.1.0 because package code uses the pipe
|> or function shorthand \(...) syntax added in R 4.1.0.
File(s) using such syntax:
‘contr.Rd’
Flavors: r-devel-linux-x86_64-debian-clang, r-devel-linux-x86_64-debian-gcc, r-devel-linux-x86_64-fedora-clang, r-devel-linux-x86_64-fedora-gcc, r-devel-windows-x86_64, r-patched-linux-x86_64, r-release-linux-x86_64, r-release-macos-arm64, r-release-macos-x86_64, r-release-windows-x86_64
These binaries (installable software) and packages are in development.
They may not be fully stable and should be used with caution. We make no claims about them.