Last updated on 2025-10-23 17:50:52 CEST.
Flavor | Version | Tinstall | Tcheck | Ttotal | Status | Flags |
---|---|---|---|---|---|---|
r-devel-linux-x86_64-debian-clang | 2.0.3 | 46.24 | 282.69 | 328.93 | NOTE | |
r-devel-linux-x86_64-debian-gcc | 2.0.3 | 29.74 | 173.09 | 202.83 | OK | |
r-devel-linux-x86_64-fedora-clang | 2.0.3 | 245.00 | 332.87 | 577.87 | OK | |
r-devel-linux-x86_64-fedora-gcc | 2.0.3 | 240.00 | 328.23 | 568.23 | OK | |
r-devel-windows-x86_64 | 2.0.3 | 56.00 | 277.00 | 333.00 | OK | |
r-patched-linux-x86_64 | 2.0.3 | 48.48 | 265.64 | 314.12 | OK | |
r-release-linux-x86_64 | 2.0.3 | 42.95 | 264.31 | 307.26 | OK | |
r-release-macos-arm64 | 2.0.3 | 22.00 | 115.00 | 137.00 | OK | |
r-release-macos-x86_64 | 2.0.3 | 27.00 | 211.00 | 238.00 | OK | |
r-release-windows-x86_64 | 2.0.3 | 59.00 | 275.00 | 334.00 | OK | |
r-oldrel-macos-arm64 | 2.0.3 | 19.00 | 95.00 | 114.00 | OK | |
r-oldrel-macos-x86_64 | 2.0.3 | 26.00 | 170.00 | 196.00 | OK | |
r-oldrel-windows-x86_64 | 2.0.3 | 70.00 | 383.00 | 453.00 | OK |
Version: 2.0.3
Check: HTML version of manual
Result: NOTE
Found the following HTML validation problems:
evalInParentEnv.html:46:1 (evalInParentEnv.Rd:10): Warning: missing </ul> before </div>
iid2plot.html:50:1 (iid2plot.Rd:12): Warning: missing </ul> before </div>
sCorrect.html:62:1 (sCorrect.Rd:23): Warning: missing </ul> before </div>
score2-internal.html:59:1 (score2-internal.Rd:24): Warning: missing </ul> before </div>
summary.calibrateType1.html:85:1 (summary.calibrateType1.Rd:34): Warning: missing </ul> before </div>
summary.glht2.html:81:1 (summary.glht2.Rd:32): Warning: missing </ul> before </div>
vcov2-internal.html:50:1 (vcov2-internal.Rd:13): Warning: missing </ul> before </div>
Flavor: r-devel-linux-x86_64-debian-clang
These binaries (installable software) and packages are in development.
They may not be fully stable and should be used with caution. We make no claims about them.