Last updated on 2025-10-24 21:50:09 CEST.
| Flavor | Version | Tinstall | Tcheck | Ttotal | Status | Flags |
|---|---|---|---|---|---|---|
| r-devel-linux-x86_64-debian-clang | 0.2-2 | 31.35 | 64.50 | 95.85 | NOTE | |
| r-devel-linux-x86_64-debian-gcc | 0.2-2 | 18.70 | 43.35 | 62.05 | NOTE | |
| r-devel-linux-x86_64-fedora-clang | 0.2-2 | 134.00 | 44.55 | 178.55 | NOTE | |
| r-devel-linux-x86_64-fedora-gcc | 0.2-2 | 64.00 | 97.45 | 161.45 | NOTE | |
| r-devel-windows-x86_64 | 0.2-2 | 36.00 | 105.00 | 141.00 | NOTE | |
| r-patched-linux-x86_64 | 0.2-2 | 26.69 | 58.81 | 85.50 | NOTE | |
| r-release-linux-x86_64 | 0.2-2 | 29.63 | 58.95 | 88.58 | NOTE | |
| r-release-macos-arm64 | 0.2-2 | 12.00 | 41.00 | 53.00 | NOTE | |
| r-release-macos-x86_64 | 0.2-2 | 18.00 | 73.00 | 91.00 | NOTE | |
| r-release-windows-x86_64 | 0.2-2 | 37.00 | 111.00 | 148.00 | NOTE | |
| r-oldrel-macos-arm64 | 0.2-2 | 14.00 | 49.00 | 63.00 | OK | |
| r-oldrel-macos-x86_64 | 0.2-2 | 20.00 | 122.00 | 142.00 | OK | |
| r-oldrel-windows-x86_64 | 0.2-2 | 43.00 | 132.00 | 175.00 | OK |
Version: 0.2-2
Check: DESCRIPTION meta-information
Result: NOTE
Missing dependency on R >= 4.1.0 because package code uses the pipe
|> or function shorthand \(...) syntax added in R 4.1.0.
File(s) using such syntax:
‘00methods.R’ ‘creg_datalist.R’ ‘creg_input.R’ ‘creg_partable.R’
‘creg_startvals.r’
Flavors: r-devel-linux-x86_64-debian-clang, r-devel-linux-x86_64-debian-gcc, r-devel-linux-x86_64-fedora-clang, r-devel-linux-x86_64-fedora-gcc, r-devel-windows-x86_64, r-patched-linux-x86_64, r-release-linux-x86_64, r-release-macos-arm64, r-release-macos-x86_64, r-release-windows-x86_64
These binaries (installable software) and packages are in development.
They may not be fully stable and should be used with caution. We make no claims about them.