Last updated on 2025-05-01 15:49:35 CEST.
Flavor | Version | Tinstall | Tcheck | Ttotal | Status | Flags |
---|---|---|---|---|---|---|
r-devel-linux-x86_64-debian-clang | 0.0.3 | 29.52 | 254.05 | 283.57 | NOTE | |
r-devel-linux-x86_64-debian-gcc | 0.0.3 | 21.34 | 167.71 | 189.05 | OK | |
r-devel-linux-x86_64-fedora-clang | 0.0.3 | 443.84 | OK | |||
r-devel-linux-x86_64-fedora-gcc | 0.0.3 | 426.00 | OK | |||
r-devel-windows-x86_64 | 0.0.3 | 26.00 | 206.00 | 232.00 | OK | |
r-patched-linux-x86_64 | 0.0.3 | 24.71 | 239.87 | 264.58 | OK | |
r-release-linux-x86_64 | OK | |||||
r-release-macos-arm64 | 0.0.3 | 95.00 | OK | |||
r-release-macos-x86_64 | 0.0.3 | 159.00 | OK | |||
r-release-windows-x86_64 | 0.0.3 | 26.00 | 207.00 | 233.00 | OK | |
r-oldrel-macos-arm64 | 0.0.3 | 102.00 | OK | |||
r-oldrel-macos-x86_64 | 0.0.3 | 224.00 | OK | |||
r-oldrel-windows-x86_64 | 0.0.3 | 34.00 | 266.00 | 300.00 | OK |
Version: 0.0.3
Check: examples
Result: NOTE
Examples with CPU (user + system) or elapsed time > 5s
user system elapsed
tilt_map 8.727 0.537 11.366
Flavor: r-devel-linux-x86_64-debian-clang
These binaries (installable software) and packages are in development.
They may not be fully stable and should be used with caution. We make no claims about them.