Last updated on 2025-02-21 06:49:44 CET.
Flavor | Version | Tinstall | Tcheck | Ttotal | Status | Flags |
---|---|---|---|---|---|---|
r-devel-linux-x86_64-debian-clang | 1.2-18 | 3.29 | 17.43 | 20.72 | NOTE | |
r-devel-linux-x86_64-debian-gcc | 1.2-18 | 2.40 | 14.17 | 16.57 | NOTE | |
r-devel-linux-x86_64-fedora-clang | 1.2-18 | 32.59 | NOTE | |||
r-devel-linux-x86_64-fedora-gcc | 1.2-18 | 30.59 | NOTE | |||
r-devel-macos-arm64 | 1.2-18 | 16.00 | NOTE | |||
r-devel-macos-x86_64 | 1.2-18 | 25.00 | NOTE | |||
r-devel-windows-x86_64 | 1.2-18 | 6.00 | 38.00 | 44.00 | NOTE | |
r-patched-linux-x86_64 | 1.2-18 | 2.94 | 16.65 | 19.59 | OK | |
r-release-linux-x86_64 | 1.2-18 | 3.06 | 16.54 | 19.60 | OK | |
r-release-macos-arm64 | 1.2-18 | 15.00 | OK | |||
r-release-macos-x86_64 | 1.2-18 | 23.00 | OK | |||
r-release-windows-x86_64 | 1.2-18 | 6.00 | 38.00 | 44.00 | OK | |
r-oldrel-macos-arm64 | 1.2-18 | 16.00 | OK | |||
r-oldrel-macos-x86_64 | 1.2-18 | 21.00 | OK | |||
r-oldrel-windows-x86_64 | 1.2-18 | 7.00 | 38.00 | 45.00 | OK |
Version: 1.2-18
Check: compiled code
Result: NOTE
File ‘lazy/libs/lazy.so’:
Found non-API call to R: ‘STRING_PTR’
Compiled code should not call non-API entry points in R.
See ‘Writing portable packages’ in the ‘Writing R Extensions’ manual,
and section ‘Moving into C API compliance’ for issues with the use of
non-API entry points.
Flavors: r-devel-linux-x86_64-debian-clang, r-devel-linux-x86_64-debian-gcc, r-devel-linux-x86_64-fedora-clang, r-devel-linux-x86_64-fedora-gcc, r-devel-macos-arm64, r-devel-macos-x86_64
Version: 1.2-18
Check: compiled code
Result: NOTE
File 'lazy/libs/x64/lazy.dll':
Found non-API call to R: 'STRING_PTR'
Compiled code should not call non-API entry points in R.
See 'Writing portable packages' in the 'Writing R Extensions' manual,
and section 'Moving into C API compliance' for issues with the use of
non-API entry points.
Flavor: r-devel-windows-x86_64
These binaries (installable software) and packages are in development.
They may not be fully stable and should be used with caution. We make no claims about them.