CRAN Package Check Results for Package lazyData

Last updated on 2025-02-16 08:50:51 CET.

Flavor Version Tinstall Tcheck Ttotal Status Flags
r-devel-linux-x86_64-debian-clang 1.1.0 1.55 17.85 19.40 NOTE
r-devel-linux-x86_64-debian-gcc 1.1.0 1.26 14.31 15.57 NOTE
r-devel-linux-x86_64-fedora-clang 1.1.0 31.84 OK
r-devel-linux-x86_64-fedora-gcc 1.1.0 29.63 OK
r-devel-macos-arm64 1.1.0 16.00 OK
r-devel-macos-x86_64 1.1.0 24.00 OK
r-devel-windows-x86_64 1.1.0 3.00 41.00 44.00 OK
r-patched-linux-x86_64 1.1.0 1.63 16.79 18.42 NOTE
r-release-linux-x86_64 1.1.0 1.53 16.87 18.40 NOTE
r-release-macos-arm64 1.1.0 20.00 OK
r-release-macos-x86_64 1.1.0 19.00 OK
r-release-windows-x86_64 1.1.0 2.00 42.00 44.00 OK
r-oldrel-macos-arm64 1.1.0 15.00 OK
r-oldrel-macos-x86_64 1.1.0 19.00 OK
r-oldrel-windows-x86_64 1.1.0 3.00 43.00 46.00 OK

Check Details

Version: 1.1.0
Check: R code for possible problems
Result: NOTE Found the following calls to attach(): File ‘lazyData/R/requireData.R’: attach(NULL, pos = pos, name = searchDataName) See section ‘Good practice’ in ‘?attach’. Flavors: r-devel-linux-x86_64-debian-clang, r-devel-linux-x86_64-debian-gcc, r-patched-linux-x86_64, r-release-linux-x86_64

These binaries (installable software) and packages are in development.
They may not be fully stable and should be used with caution. We make no claims about them.