CRAN Package Check Results for Package lazysql

Last updated on 2025-11-13 17:50:38 CET.

Flavor Version Tinstall Tcheck Ttotal Status Flags
r-devel-linux-x86_64-debian-clang 0.1.3 1.66 22.21 23.87 NOTE
r-devel-linux-x86_64-debian-gcc 0.1.3 1.29 18.78 20.07 NOTE
r-devel-linux-x86_64-fedora-clang 0.1.3 34.76 OK
r-devel-linux-x86_64-fedora-gcc 0.1.3 32.15 OK
r-devel-windows-x86_64 0.1.3 3.00 39.00 42.00 OK
r-patched-linux-x86_64 0.1.3 1.76 20.18 21.94 OK
r-release-linux-x86_64 0.1.3 1.35 20.00 21.35 OK
r-release-macos-arm64 0.1.3 1.00 16.00 17.00 OK
r-release-macos-x86_64 0.1.3 2.00 24.00 26.00 OK
r-release-windows-x86_64 0.1.3 3.00 39.00 42.00 OK
r-oldrel-macos-arm64 0.1.3 1.00 14.00 15.00 NOTE
r-oldrel-macos-x86_64 0.1.3 2.00 22.00 24.00 NOTE
r-oldrel-windows-x86_64 0.1.3 4.00 47.00 51.00 NOTE

Check Details

Version: 0.1.3
Check: CRAN incoming feasibility
Result: NOTE Maintainer: ‘Uwe Block <u.block.mz@gmail.com>’ Found the following (possibly) invalid file URI: URI: CONDUCT.md From: README.md Flavors: r-devel-linux-x86_64-debian-clang, r-devel-linux-x86_64-debian-gcc

Version: 0.1.3
Check: LazyData
Result: NOTE 'LazyData' is specified without a 'data' directory Flavors: r-oldrel-macos-arm64, r-oldrel-macos-x86_64, r-oldrel-windows-x86_64

These binaries (installable software) and packages are in development.
They may not be fully stable and should be used with caution. We make no claims about them.