CRAN Package Check Results for Package lba

Last updated on 2025-11-13 15:51:15 CET.

Flavor Version Tinstall Tcheck Ttotal Status Flags
r-devel-linux-x86_64-debian-clang 2.4.52 12.59 70.75 83.34 NOTE
r-devel-linux-x86_64-debian-gcc 2.4.52 7.18 50.13 57.31 NOTE
r-devel-linux-x86_64-fedora-clang 2.4.52 50.00 81.43 131.43 OK
r-devel-linux-x86_64-fedora-gcc 2.4.52 24.00 92.21 116.21 OK
r-devel-windows-x86_64 2.4.52 15.00 75.00 90.00 OK
r-patched-linux-x86_64 2.4.52 11.04 66.79 77.83 OK
r-release-linux-x86_64 2.4.52 10.26 65.76 76.02 OK
r-release-macos-arm64 2.4.52 6.00 32.00 38.00 OK
r-release-macos-x86_64 2.4.52 9.00 49.00 58.00 OK
r-release-windows-x86_64 2.4.52 14.00 75.00 89.00 OK
r-oldrel-macos-arm64 2.4.52 5.00 29.00 34.00 OK
r-oldrel-macos-x86_64 2.4.52 7.00 51.00 58.00 OK
r-oldrel-windows-x86_64 2.4.52 18.00 90.00 108.00 OK

Check Details

Version: 2.4.52
Check: CRAN incoming feasibility
Result: NOTE Maintainer: ‘Ivan Bezerra Allaman <iballaman@uesc.br>’ No Authors@R field in DESCRIPTION. Please add one, modifying Authors@R: c(person(given = c("Enio", "G."), family = "Jelihovschi", role = "aut", email = "eniojelihovs@gmail.com"), person(given = c("Ivan", "Bezerra"), family = "Allaman", role = c("aut", "cre"), email = "iballaman@uesc.br")) as necessary. Flavors: r-devel-linux-x86_64-debian-clang, r-devel-linux-x86_64-debian-gcc

These binaries (installable software) and packages are in development.
They may not be fully stable and should be used with caution. We make no claims about them.