CRAN Package Check Results for Package lbreg

Last updated on 2025-07-02 03:50:44 CEST.

Flavor Version Tinstall Tcheck Ttotal Status Flags
r-devel-linux-x86_64-debian-clang 1.3 2.08 26.69 28.77 NOTE
r-devel-linux-x86_64-debian-gcc 1.3 1.34 20.77 22.11 NOTE
r-devel-linux-x86_64-fedora-clang 1.3 44.24 OK
r-devel-linux-x86_64-fedora-gcc 1.3 41.05 OK
r-devel-windows-x86_64 1.3 3.00 48.00 51.00 OK
r-patched-linux-x86_64 OK
r-release-linux-x86_64 1.3 1.99 25.21 27.20 OK
r-release-macos-arm64 1.3 19.00 OK
r-release-macos-x86_64 1.3 27.00 OK
r-release-windows-x86_64 1.3 4.00 49.00 53.00 OK
r-oldrel-macos-arm64 1.3 17.00 OK
r-oldrel-macos-x86_64 1.3 27.00 OK
r-oldrel-windows-x86_64 1.3 3.00 51.00 54.00 OK

Check Details

Version: 1.3
Check: CRAN incoming feasibility
Result: NOTE Maintainer: ‘Bernardo Andrade <bbandrade@unb.br>’ No Authors@R field in DESCRIPTION. Please add one, modifying Authors@R: c(person(given = c("Bernardo", "B."), family = "Andrade", role = "aut"), person(given = "Bernardo", family = "Andrade", role = "cre", email = "bbandrade@unb.br")) as necessary. Flavors: r-devel-linux-x86_64-debian-clang, r-devel-linux-x86_64-debian-gcc

These binaries (installable software) and packages are in development.
They may not be fully stable and should be used with caution. We make no claims about them.