Last updated on 2025-02-16 08:50:51 CET.
Flavor | Version | Tinstall | Tcheck | Ttotal | Status | Flags |
---|---|---|---|---|---|---|
r-devel-linux-x86_64-debian-clang | 1.1.4 | 9.29 | 64.07 | 73.36 | NOTE | |
r-devel-linux-x86_64-debian-gcc | 1.1.4 | 5.37 | 45.45 | 50.82 | NOTE | |
r-devel-linux-x86_64-fedora-clang | 1.1.4 | 121.06 | OK | |||
r-devel-linux-x86_64-fedora-gcc | 1.1.4 | 108.12 | OK | |||
r-devel-macos-arm64 | 1.1.4 | 35.00 | OK | |||
r-devel-macos-x86_64 | 1.1.4 | 67.00 | OK | |||
r-devel-windows-x86_64 | 1.1.4 | 12.00 | 86.00 | 98.00 | NOTE | |
r-patched-linux-x86_64 | 1.1.4 | 9.94 | 59.42 | 69.36 | OK | |
r-release-linux-x86_64 | 1.1.4 | 8.67 | 59.40 | 68.07 | OK | |
r-release-macos-arm64 | 1.1.4 | 34.00 | OK | |||
r-release-macos-x86_64 | 1.1.4 | 50.00 | OK | |||
r-release-windows-x86_64 | 1.1.4 | 10.00 | 85.00 | 95.00 | OK | |
r-oldrel-macos-arm64 | 1.1.4 | 35.00 | OK | |||
r-oldrel-macos-x86_64 | 1.1.4 | 53.00 | OK | |||
r-oldrel-windows-x86_64 | 1.1.4 | 14.00 | 124.00 | 138.00 | OK |
Version: 1.1.4
Check: Rd cross-references
Result: NOTE
Found the following Rd file(s) with Rd \link{} targets missing package
anchors:
anova.lcc.Rd: anova.lme, nlme
coef.lcc.Rd: nlme
getVarCov.lcc.Rd: nlme
lcc.Rd: nlme
logLik.lcc.Rd: nlme
print.anova.lcc.Rd: anova.lme, nlme
ranef.lcc.Rd: nlme
residuals.lcc.Rd: nlme
vcov.lcc.Rd: nlme
Please provide package anchors for all Rd \link{} targets not in the
package itself and the base packages.
Flavors: r-devel-linux-x86_64-debian-clang, r-devel-linux-x86_64-debian-gcc, r-devel-windows-x86_64
These binaries (installable software) and packages are in development.
They may not be fully stable and should be used with caution. We make no claims about them.