Last updated on 2025-05-03 22:49:58 CEST.
Flavor | Version | Tinstall | Tcheck | Ttotal | Status | Flags |
---|---|---|---|---|---|---|
r-devel-linux-x86_64-debian-clang | 0.1.0 | 9.35 | 75.85 | 85.20 | NOTE | |
r-devel-linux-x86_64-debian-gcc | 0.1.0 | 7.65 | 57.25 | 64.90 | NOTE | |
r-devel-linux-x86_64-fedora-clang | 0.1.0 | 134.39 | OK | |||
r-devel-linux-x86_64-fedora-gcc | 0.1.0 | 142.32 | OK | |||
r-devel-windows-x86_64 | 0.1.0 | 10.00 | 89.00 | 99.00 | OK | |
r-patched-linux-x86_64 | 0.1.0 | 9.58 | 73.78 | 83.36 | OK | |
r-release-linux-x86_64 | OK | |||||
r-release-macos-arm64 | 0.1.0 | 51.00 | OK | |||
r-release-macos-x86_64 | 0.1.0 | 107.00 | OK | |||
r-release-windows-x86_64 | 0.1.0 | 11.00 | 89.00 | 100.00 | OK | |
r-oldrel-macos-arm64 | 0.1.0 | 45.00 | OK | |||
r-oldrel-macos-x86_64 | 0.1.0 | 81.00 | OK | |||
r-oldrel-windows-x86_64 | 0.1.0 | 13.00 | 108.00 | 121.00 | OK |
Version: 0.1.0
Check: CRAN incoming feasibility
Result: NOTE
Maintainer: ‘Weimin Zhang <zhangwm@hotmail.com>’
Found the following URLs which should use \doi (with the DOI name only):
File ‘JLchemix.Rd’:
https://doi.org/10.1111/biom.12972
File ‘sampledata.Rd’:
https://doi.org/10.1111/biom.12972
Flavors: r-devel-linux-x86_64-debian-clang, r-devel-linux-x86_64-debian-gcc
These binaries (installable software) and packages are in development.
They may not be fully stable and should be used with caution. We make no claims about them.