Last updated on 2025-02-16 08:50:51 CET.
Flavor | Version | Tinstall | Tcheck | Ttotal | Status | Flags |
---|---|---|---|---|---|---|
r-devel-linux-x86_64-debian-clang | 0.2-10 | 14.85 | 175.24 | 190.09 | NOTE | |
r-devel-linux-x86_64-debian-gcc | 0.2-10 | 10.57 | 122.65 | 133.22 | NOTE | |
r-devel-linux-x86_64-fedora-clang | 0.2-10 | 306.75 | OK | |||
r-devel-linux-x86_64-fedora-gcc | 0.2-10 | 293.32 | OK | |||
r-devel-macos-arm64 | 0.2-10 | 88.00 | OK | |||
r-devel-macos-x86_64 | 0.2-10 | 165.00 | OK | |||
r-devel-windows-x86_64 | 0.2-10 | 16.00 | 202.00 | 218.00 | NOTE | |
r-patched-linux-x86_64 | 0.2-10 | 21.72 | 160.37 | 182.09 | OK | |
r-release-linux-x86_64 | 0.2-10 | 14.36 | 162.13 | 176.49 | OK | |
r-release-macos-arm64 | 0.2-10 | 91.00 | OK | |||
r-release-macos-x86_64 | 0.2-10 | 132.00 | OK | |||
r-release-windows-x86_64 | 0.2-10 | 16.00 | 194.00 | 210.00 | OK | |
r-oldrel-macos-arm64 | 0.2-10 | 65.00 | OK | |||
r-oldrel-macos-x86_64 | 0.2-10 | 113.00 | OK | |||
r-oldrel-windows-x86_64 | 0.2-10 | 22.00 | 245.00 | 267.00 | OK |
Version: 0.2-10
Check: Rd cross-references
Result: NOTE
Found the following Rd file(s) with Rd \link{} targets missing package
anchors:
gw.zi.Rd: zeroinfl
gw.zi.bw.Rd: zeroinfl
gw.zi.cv.Rd: zeroinfl
gw.zi.light.Rd: zeroinfl
gw.zi.mc.test.Rd: zeroinfl
Please provide package anchors for all Rd \link{} targets not in the
package itself and the base packages.
Flavors: r-devel-linux-x86_64-debian-clang, r-devel-linux-x86_64-debian-gcc, r-devel-windows-x86_64
These binaries (installable software) and packages are in development.
They may not be fully stable and should be used with caution. We make no claims about them.