Last updated on 2025-02-16 08:50:51 CET.
Flavor | Version | Tinstall | Tcheck | Ttotal | Status | Flags |
---|---|---|---|---|---|---|
r-devel-linux-x86_64-debian-clang | 1.0.4 | 6.49 | 36.31 | 42.80 | OK | |
r-devel-linux-x86_64-debian-gcc | 1.0.4 | 4.22 | 26.90 | 31.12 | OK | |
r-devel-linux-x86_64-fedora-clang | 1.0.4 | 71.73 | OK | |||
r-devel-linux-x86_64-fedora-gcc | 1.0.4 | 63.44 | OK | |||
r-devel-macos-arm64 | 1.0.4 | 21.00 | OK | |||
r-devel-macos-x86_64 | 1.0.4 | 38.00 | OK | |||
r-devel-windows-x86_64 | 1.0.4 | 6.00 | 53.00 | 59.00 | OK | |
r-patched-linux-x86_64 | 1.0.4 | 6.45 | 34.31 | 40.76 | NOTE | |
r-release-linux-x86_64 | 1.0.4 | 5.49 | 34.35 | 39.84 | NOTE | |
r-release-macos-arm64 | 1.0.4 | 22.00 | NOTE | |||
r-release-macos-x86_64 | 1.0.4 | 32.00 | NOTE | |||
r-release-windows-x86_64 | 1.0.4 | 7.00 | 63.00 | 70.00 | NOTE | |
r-oldrel-macos-arm64 | 1.0.4 | 22.00 | NOTE | |||
r-oldrel-macos-x86_64 | 1.0.4 | 40.00 | NOTE | |||
r-oldrel-windows-x86_64 | 1.0.4 | 10.00 | 62.00 | 72.00 | NOTE |
Version: 1.0.4
Check: LazyData
Result: NOTE
'LazyData' is specified without a 'data' directory
Flavors: r-patched-linux-x86_64, r-release-linux-x86_64, r-release-macos-arm64, r-release-macos-x86_64, r-release-windows-x86_64, r-oldrel-macos-arm64, r-oldrel-macos-x86_64, r-oldrel-windows-x86_64
These binaries (installable software) and packages are in development.
They may not be fully stable and should be used with caution. We make no claims about them.