CRAN Package Check Results for Package lda

Last updated on 2025-05-01 12:49:32 CEST.

Flavor Version Tinstall Tcheck Ttotal Status Flags
r-devel-linux-x86_64-debian-clang 1.5.2 4.45 38.52 42.97 NOTE
r-devel-linux-x86_64-debian-gcc 1.5.2 3.39 30.53 33.92 NOTE
r-devel-linux-x86_64-fedora-clang 1.5.2 61.30 OK
r-devel-linux-x86_64-fedora-gcc 1.5.2 61.10 OK
r-devel-windows-x86_64 1.5.2 8.00 67.00 75.00 OK
r-patched-linux-x86_64 1.5.2 5.04 37.23 42.27 OK
r-release-linux-x86_64 OK
r-release-macos-arm64 1.5.2 28.00 OK
r-release-macos-x86_64 1.5.2 47.00 OK
r-release-windows-x86_64 1.5.2 9.00 77.00 86.00 OK
r-oldrel-macos-arm64 1.5.2 37.00 OK
r-oldrel-macos-x86_64 1.5.2 36.00 OK
r-oldrel-windows-x86_64 1.5.2 9.00 71.00 80.00 OK

Check Details

Version: 1.5.2
Check: CRAN incoming feasibility
Result: NOTE Maintainer: ‘Santiago Olivella <olivella@unc.edu>’ No Authors@R field in DESCRIPTION. Please add one, modifying Authors@R: c(person(given = "Jonathan", family = "Chang", role = "aut"), person(given = "Santiago", family = "Olivella", role = "cre", email = "olivella@unc.edu")) as necessary. Flavors: r-devel-linux-x86_64-debian-clang, r-devel-linux-x86_64-debian-gcc

These binaries (installable software) and packages are in development.
They may not be fully stable and should be used with caution. We make no claims about them.