Last updated on 2025-05-01 12:49:32 CEST.
Flavor | Version | Tinstall | Tcheck | Ttotal | Status | Flags |
---|---|---|---|---|---|---|
r-devel-linux-x86_64-debian-clang | 0.3.1 | 8.59 | 86.57 | 95.16 | NOTE | |
r-devel-linux-x86_64-debian-gcc | 0.3.1 | 4.99 | 61.11 | 66.10 | NOTE | |
r-devel-linux-x86_64-fedora-clang | 0.3.1 | 144.92 | OK | |||
r-devel-linux-x86_64-fedora-gcc | 0.3.1 | 129.44 | OK | |||
r-devel-windows-x86_64 | 0.3.1 | 9.00 | 133.00 | 142.00 | OK | |
r-patched-linux-x86_64 | 0.3.1 | 8.68 | 79.78 | 88.46 | OK | |
r-release-linux-x86_64 | OK | |||||
r-release-macos-arm64 | 0.3.1 | 67.00 | OK | |||
r-release-macos-x86_64 | 0.3.1 | 122.00 | OK | |||
r-release-windows-x86_64 | 0.3.1 | 10.00 | 140.00 | 150.00 | OK | |
r-oldrel-macos-arm64 | 0.3.1 | 71.00 | OK | |||
r-oldrel-macos-x86_64 | 0.3.1 | 94.00 | OK | |||
r-oldrel-windows-x86_64 | 0.3.1 | 13.00 | 152.00 | 165.00 | OK |
Version: 0.3.1
Check: CRAN incoming feasibility
Result: NOTE
Maintainer: ‘Jonas Rieger <jonas.rieger@tu-dortmund.de>’
Package CITATION file contains call(s) to old-style citEntry(). Please
use bibentry() instead.
Flavors: r-devel-linux-x86_64-debian-clang, r-devel-linux-x86_64-debian-gcc
These binaries (installable software) and packages are in development.
They may not be fully stable and should be used with caution. We make no claims about them.