Last updated on 2025-05-02 02:50:58 CEST.
Flavor | Version | Tinstall | Tcheck | Ttotal | Status | Flags |
---|---|---|---|---|---|---|
r-devel-linux-x86_64-debian-clang | 2.0.2 | 3.17 | 29.88 | 33.05 | NOTE | |
r-devel-linux-x86_64-debian-gcc | 2.0.2 | 2.48 | 22.32 | 24.80 | NOTE | |
r-devel-linux-x86_64-fedora-clang | 2.0.2 | 53.73 | OK | |||
r-devel-linux-x86_64-fedora-gcc | 2.0.2 | 65.25 | OK | |||
r-devel-windows-x86_64 | 2.0.2 | 5.00 | 67.00 | 72.00 | OK | |
r-patched-linux-x86_64 | 2.0.2 | 3.12 | 29.05 | 32.17 | OK | |
r-release-linux-x86_64 | OK | |||||
r-release-macos-arm64 | 2.0.2 | 25.00 | OK | |||
r-release-macos-x86_64 | 2.0.2 | 44.00 | OK | |||
r-release-windows-x86_64 | 2.0.2 | 4.00 | 63.00 | 67.00 | OK | |
r-oldrel-macos-arm64 | 2.0.2 | 23.00 | OK | |||
r-oldrel-macos-x86_64 | 2.0.2 | 35.00 | OK | |||
r-oldrel-windows-x86_64 | 2.0.2 | 5.00 | 56.00 | 61.00 | OK |
Version: 2.0.2
Check: CRAN incoming feasibility
Result: NOTE
Maintainer: ‘Charlie Casper <charlie.casper@hsc.utah.edu>’
No Authors@R field in DESCRIPTION.
Please add one, modifying
Authors@R: c(person(given = "Charlie",
family = "Casper",
role = c("aut", "cre"),
email = "charlie.casper@hsc.utah.edu"),
person(given = "Thomas",
family = "Cook",
role = "aut"),
person(given = c("Oscar", "A.", "Perez.", "Based", "on", "FORTRAN", "program"),
family = "ld98.",
role = "aut"))
as necessary.
Flavors: r-devel-linux-x86_64-debian-clang, r-devel-linux-x86_64-debian-gcc
These binaries (installable software) and packages are in development.
They may not be fully stable and should be used with caution. We make no claims about them.