Last updated on 2024-07-27 15:50:22 CEST.
Flavor | Version | Tinstall | Tcheck | Ttotal | Status | Flags |
---|---|---|---|---|---|---|
r-devel-linux-x86_64-debian-clang | 2.1.5 | 109.86 | 126.57 | 236.43 | NOTE | |
r-devel-linux-x86_64-debian-gcc | 2.1.5 | NOTE | ||||
r-devel-linux-x86_64-fedora-clang | 2.1.5 | 387.25 | NOTE | |||
r-devel-linux-x86_64-fedora-gcc | 2.1.5 | 346.80 | NOTE | |||
r-devel-windows-x86_64 | 2.1.5 | 90.00 | 154.00 | 244.00 | NOTE | |
r-patched-linux-x86_64 | 2.1.5 | NOTE | ||||
r-release-linux-x86_64 | 2.1.5 | 101.49 | 126.27 | 227.76 | NOTE | |
r-release-macos-arm64 | 2.1.5 | 84.00 | NOTE | |||
r-release-macos-x86_64 | 2.1.5 | 107.00 | NOTE | |||
r-release-windows-x86_64 | 2.1.5 | 112.00 | 155.00 | 267.00 | NOTE | |
r-oldrel-macos-arm64 | 2.1.5 | 79.00 | NOTE | |||
r-oldrel-macos-x86_64 | 2.1.5 | 129.00 | NOTE | |||
r-oldrel-windows-x86_64 | 2.1.5 | 102.00 | 175.00 | 277.00 | NOTE |
Version: 2.1.5
Check: C++ specification
Result: NOTE
Specified C++11: please drop specification unless essential
Flavors: r-devel-linux-x86_64-debian-clang, r-devel-linux-x86_64-debian-gcc, r-devel-linux-x86_64-fedora-clang, r-devel-linux-x86_64-fedora-gcc, r-devel-windows-x86_64, r-patched-linux-x86_64, r-release-linux-x86_64, r-release-macos-arm64, r-release-macos-x86_64, r-release-windows-x86_64, r-oldrel-macos-arm64, r-oldrel-macos-x86_64, r-oldrel-windows-x86_64
Version: 2.1.5
Check: installed package size
Result: NOTE
installed size is 5.7Mb
sub-directories of 1Mb or more:
libs 5.0Mb
Flavors: r-release-macos-arm64, r-release-macos-x86_64, r-oldrel-macos-arm64, r-oldrel-macos-x86_64
Version: 2.1.5
Check: package dependencies
Result: NOTE
Package suggested but not available for checking: ‘VariantAnnotation’
Flavors: r-oldrel-macos-arm64, r-oldrel-macos-x86_64
These binaries (installable software) and packages are in development.
They may not be fully stable and should be used with caution. We make no claims about them.