Last updated on 2025-02-23 01:51:43 CET.
Flavor | Version | Tinstall | Tcheck | Ttotal | Status | Flags |
---|---|---|---|---|---|---|
r-devel-linux-x86_64-debian-clang | 2.1.5 | 86.62 | 56.38 | 143.00 | NOTE | |
r-devel-linux-x86_64-debian-gcc | 2.1.5 | 58.57 | 71.26 | 129.83 | NOTE | |
r-devel-linux-x86_64-fedora-clang | 2.1.5 | 376.26 | NOTE | |||
r-devel-linux-x86_64-fedora-gcc | 2.1.5 | 360.82 | NOTE | |||
r-devel-macos-arm64 | 2.1.5 | 66.00 | NOTE | |||
r-devel-macos-x86_64 | 2.1.5 | 128.00 | NOTE | |||
r-devel-windows-x86_64 | 2.1.5 | 87.00 | 156.00 | 243.00 | NOTE | |
r-patched-linux-x86_64 | 2.1.5 | 85.21 | 91.93 | 177.14 | NOTE | |
r-release-linux-x86_64 | 2.1.5 | 80.23 | 92.48 | 172.71 | NOTE | |
r-release-macos-arm64 | 2.1.5 | 84.00 | NOTE | |||
r-release-macos-x86_64 | 2.1.5 | 107.00 | NOTE | |||
r-release-windows-x86_64 | 2.1.5 | 90.00 | 159.00 | 249.00 | NOTE | |
r-oldrel-macos-arm64 | 2.1.5 | 79.00 | NOTE | |||
r-oldrel-macos-x86_64 | 2.1.5 | 129.00 | NOTE | |||
r-oldrel-windows-x86_64 | 2.1.5 | 106.00 | 175.00 | 281.00 | NOTE |
Version: 2.1.5
Check: C++ specification
Result: NOTE
Specified C++11: please drop specification unless essential
Flavors: r-devel-linux-x86_64-debian-clang, r-devel-linux-x86_64-debian-gcc, r-devel-linux-x86_64-fedora-clang, r-devel-linux-x86_64-fedora-gcc, r-devel-macos-arm64, r-devel-macos-x86_64, r-devel-windows-x86_64, r-patched-linux-x86_64, r-release-linux-x86_64, r-release-macos-arm64, r-release-macos-x86_64, r-release-windows-x86_64, r-oldrel-macos-arm64, r-oldrel-macos-x86_64, r-oldrel-windows-x86_64
Version: 2.1.5
Check: installed package size
Result: NOTE
installed size is 5.7Mb
sub-directories of 1Mb or more:
libs 5.0Mb
Flavors: r-release-macos-arm64, r-release-macos-x86_64, r-oldrel-macos-arm64, r-oldrel-macos-x86_64
Version: 2.1.5
Check: package dependencies
Result: NOTE
Package suggested but not available for checking: ‘VariantAnnotation’
Flavors: r-oldrel-macos-arm64, r-oldrel-macos-x86_64
These binaries (installable software) and packages are in development.
They may not be fully stable and should be used with caution. We make no claims about them.