CRAN Package Check Results for Package ldsr

Last updated on 2025-02-19 16:50:52 CET.

Flavor Version Tinstall Tcheck Ttotal Status Flags
r-devel-linux-x86_64-debian-clang 0.0.2 30.44 62.64 93.08 NOTE
r-devel-linux-x86_64-debian-gcc 0.0.2 22.03 43.89 65.92 NOTE
r-devel-linux-x86_64-fedora-clang 0.0.2 153.14 NOTE
r-devel-linux-x86_64-fedora-gcc 0.0.2 164.02 NOTE
r-devel-macos-arm64 0.0.2 47.00 NOTE
r-devel-macos-x86_64 0.0.2 108.00 NOTE
r-devel-windows-x86_64 0.0.2 34.00 99.00 133.00 NOTE
r-patched-linux-x86_64 0.0.2 34.37 56.34 90.71 NOTE
r-release-linux-x86_64 0.0.2 31.19 56.91 88.10 NOTE
r-release-macos-arm64 0.0.2 48.00 NOTE
r-release-macos-x86_64 0.0.2 102.00 NOTE
r-release-windows-x86_64 0.0.2 33.00 97.00 130.00 NOTE
r-oldrel-macos-arm64 0.0.2 54.00 NOTE
r-oldrel-macos-x86_64 0.0.2 85.00 NOTE
r-oldrel-windows-x86_64 0.0.2 42.00 115.00 157.00 NOTE

Check Details

Version: 0.0.2
Check: C++ specification
Result: NOTE Specified C++11: please drop specification unless essential Flavors: r-devel-linux-x86_64-debian-clang, r-devel-linux-x86_64-debian-gcc, r-devel-linux-x86_64-fedora-clang, r-devel-linux-x86_64-fedora-gcc, r-devel-macos-arm64, r-devel-macos-x86_64, r-devel-windows-x86_64, r-patched-linux-x86_64, r-release-linux-x86_64, r-release-macos-arm64, r-release-macos-x86_64, r-release-windows-x86_64, r-oldrel-macos-arm64, r-oldrel-macos-x86_64, r-oldrel-windows-x86_64

Version: 0.0.2
Check: package subdirectories
Result: NOTE Problems with news in ‘NEWS.md’: No news entries found. Flavors: r-devel-linux-x86_64-debian-clang, r-devel-linux-x86_64-debian-gcc, r-devel-linux-x86_64-fedora-clang, r-devel-linux-x86_64-fedora-gcc, r-devel-macos-arm64, r-devel-macos-x86_64, r-devel-windows-x86_64, r-patched-linux-x86_64, r-release-linux-x86_64, r-release-macos-arm64, r-release-macos-x86_64, r-release-windows-x86_64, r-oldrel-macos-arm64, r-oldrel-macos-x86_64, r-oldrel-windows-x86_64

These binaries (installable software) and packages are in development.
They may not be fully stable and should be used with caution. We make no claims about them.