Last updated on 2025-05-08 04:52:09 CEST.
Flavor | Version | Tinstall | Tcheck | Ttotal | Status | Flags |
---|---|---|---|---|---|---|
r-devel-linux-x86_64-debian-clang | 0.5.3 | 351.07 | 77.32 | 428.39 | OK | |
r-devel-linux-x86_64-debian-gcc | 0.5.3 | 250.62 | 55.22 | 305.84 | OK | |
r-devel-linux-x86_64-fedora-clang | 0.5.3 | 840.11 | OK | |||
r-devel-linux-x86_64-fedora-gcc | 0.5.3 | 929.25 | OK | |||
r-devel-windows-x86_64 | 0.5.3 | 425.00 | 149.00 | 574.00 | OK | |
r-patched-linux-x86_64 | 0.5.3 | 348.53 | 71.60 | 420.13 | OK | |
r-release-linux-x86_64 | 0.5.3 | 345.57 | 72.51 | 418.08 | OK | |
r-release-macos-arm64 | 0.5.3 | 180.00 | OK | |||
r-release-macos-x86_64 | 0.5.3 | 190.00 | OK | |||
r-release-windows-x86_64 | 0.5.3 | 425.00 | 149.00 | 574.00 | OK | |
r-oldrel-macos-arm64 | 0.5.3 | 208.00 | NOTE | |||
r-oldrel-macos-x86_64 | 0.5.3 | 244.00 | NOTE | |||
r-oldrel-windows-x86_64 | 0.5.3 | 491.00 | 179.00 | 670.00 | OK |
Version: 0.5.3
Check: installed package size
Result: NOTE
installed size is 26.2Mb
sub-directories of 1Mb or more:
libs 24.8Mb
Flavors: r-oldrel-macos-arm64, r-oldrel-macos-x86_64
These binaries (installable software) and packages are in development.
They may not be fully stable and should be used with caution. We make no claims about them.