CRAN Package Check Results for Package ldt

Last updated on 2025-07-25 01:49:31 CEST.

Flavor Version Tinstall Tcheck Ttotal Status Flags
r-devel-linux-x86_64-debian-clang 0.5.3 351.88 78.19 430.07 OK
r-devel-linux-x86_64-debian-gcc 0.5.3 253.23 54.88 308.11 OK
r-devel-linux-x86_64-fedora-clang 0.5.3 834.40 OK
r-devel-linux-x86_64-fedora-gcc 0.5.3 797.99 OK
r-devel-windows-x86_64 0.5.3 426.00 162.00 588.00 OK
r-patched-linux-x86_64 0.5.3 358.52 72.04 430.56 OK
r-release-linux-x86_64 0.5.3 355.18 73.14 428.32 OK
r-release-macos-arm64 0.5.3 180.00 OK
r-release-macos-x86_64 0.5.3 190.00 OK
r-release-windows-x86_64 0.5.3 416.00 150.00 566.00 OK
r-oldrel-macos-arm64 0.5.3 208.00 NOTE
r-oldrel-macos-x86_64 0.5.3 244.00 NOTE
r-oldrel-windows-x86_64 0.5.3 504.00 181.00 685.00 OK

Check Details

Version: 0.5.3
Check: installed package size
Result: NOTE installed size is 26.2Mb sub-directories of 1Mb or more: libs 24.8Mb Flavors: r-oldrel-macos-arm64, r-oldrel-macos-x86_64

These binaries (installable software) and packages are in development.
They may not be fully stable and should be used with caution. We make no claims about them.