Last updated on 2025-10-24 05:50:44 CEST.
| Flavor | Version | Tinstall | Tcheck | Ttotal | Status | Flags |
|---|---|---|---|---|---|---|
| r-devel-linux-x86_64-debian-clang | 0.5.3 | 351.22 | 90.44 | 441.66 | OK | |
| r-devel-linux-x86_64-debian-gcc | 0.5.3 | 229.79 | 66.54 | 296.33 | OK | |
| r-devel-linux-x86_64-fedora-clang | 0.5.3 | 1200.00 | -299.01 | 900.99 | OK | |
| r-devel-linux-x86_64-fedora-gcc | 0.5.3 | 564.00 | 252.12 | 816.12 | OK | |
| r-devel-windows-x86_64 | 0.5.3 | 416.00 | 147.00 | 563.00 | OK | |
| r-patched-linux-x86_64 | 0.5.3 | 352.58 | 84.93 | 437.51 | OK | |
| r-release-linux-x86_64 | 0.5.3 | 348.45 | 85.51 | 433.96 | OK | |
| r-release-macos-arm64 | 0.5.3 | 121.00 | 59.00 | 180.00 | OK | |
| r-release-macos-x86_64 | 0.5.3 | 93.00 | 97.00 | 190.00 | OK | |
| r-release-windows-x86_64 | 0.5.3 | 428.00 | 147.00 | 575.00 | OK | |
| r-oldrel-macos-arm64 | 0.5.3 | 142.00 | 66.00 | 208.00 | NOTE | |
| r-oldrel-macos-x86_64 | 0.5.3 | 88.00 | 156.00 | 244.00 | NOTE | |
| r-oldrel-windows-x86_64 | 0.5.3 | 502.00 | 183.00 | 685.00 | OK |
Version: 0.5.3
Check: installed package size
Result: NOTE
installed size is 26.2Mb
sub-directories of 1Mb or more:
libs 24.8Mb
Flavors: r-oldrel-macos-arm64, r-oldrel-macos-x86_64
These binaries (installable software) and packages are in development.
They may not be fully stable and should be used with caution. We make no claims about them.