Last updated on 2025-02-16 12:53:39 CET.
Flavor | Version | Tinstall | Tcheck | Ttotal | Status | Flags |
---|---|---|---|---|---|---|
r-devel-linux-x86_64-debian-clang | 0.5.3 | 343.27 | 77.04 | 420.31 | OK | |
r-devel-linux-x86_64-debian-gcc | 0.5.3 | 252.16 | 53.33 | 305.49 | OK | |
r-devel-linux-x86_64-fedora-clang | 0.5.3 | 868.22 | OK | |||
r-devel-linux-x86_64-fedora-gcc | 0.5.3 | 835.66 | OK | |||
r-devel-macos-arm64 | 0.5.3 | 172.00 | OK | |||
r-devel-macos-x86_64 | 0.5.3 | 189.00 | OK | |||
r-devel-windows-x86_64 | 0.5.3 | 380.00 | 152.00 | 532.00 | OK | |
r-patched-linux-x86_64 | 0.5.3 | 348.52 | 70.29 | 418.81 | OK | |
r-release-linux-x86_64 | 0.5.3 | 352.32 | 69.99 | 422.31 | OK | |
r-release-macos-arm64 | 0.5.3 | 208.00 | NOTE | |||
r-release-macos-x86_64 | 0.5.3 | 244.00 | NOTE | |||
r-release-windows-x86_64 | 0.5.3 | 378.00 | 147.00 | 525.00 | OK | |
r-oldrel-macos-arm64 | 0.5.3 | 274.00 | NOTE | |||
r-oldrel-macos-x86_64 | 0.5.3 | 199.00 | NOTE | |||
r-oldrel-windows-x86_64 | 0.5.3 | 476.00 | 175.00 | 651.00 | OK |
Version: 0.5.3
Check: installed package size
Result: NOTE
installed size is 26.2Mb
sub-directories of 1Mb or more:
libs 24.8Mb
Flavors: r-release-macos-arm64, r-release-macos-x86_64, r-oldrel-macos-arm64, r-oldrel-macos-x86_64
These binaries (installable software) and packages are in development.
They may not be fully stable and should be used with caution. We make no claims about them.