CRAN Package Check Results for Package leafSTAR

Last updated on 2025-05-29 19:51:35 CEST.

Flavor Version Tinstall Tcheck Ttotal Status Flags
r-devel-linux-x86_64-debian-clang 1.0 2.20 22.40 24.60 NOTE
r-devel-linux-x86_64-debian-gcc 1.0 1.80 18.03 19.83 NOTE
r-devel-linux-x86_64-fedora-clang 1.0 39.69 OK
r-devel-linux-x86_64-fedora-gcc 1.0 39.26 OK
r-devel-windows-x86_64 1.0 3.00 47.00 50.00 OK
r-patched-linux-x86_64 1.0 2.52 21.57 24.09 OK
r-release-linux-x86_64 1.0 2.50 21.59 24.09 OK
r-release-macos-arm64 1.0 17.00 OK
r-release-macos-x86_64 1.0 30.00 OK
r-release-windows-x86_64 1.0 4.00 51.00 55.00 OK
r-oldrel-macos-arm64 1.0 16.00 OK
r-oldrel-macos-x86_64 1.0 23.00 OK
r-oldrel-windows-x86_64 1.0 3.00 47.00 50.00 OK

Check Details

Version: 1.0
Check: CRAN incoming feasibility
Result: NOTE Maintainer: ‘Agustina Ventre Lespiaucq <aguslespiaucq@gmail.com>’ No Authors@R field in DESCRIPTION. Please add one, modifying Authors@R: c(person(given = c("Agustina", "Ventre"), family = "Lespiaucq", role = c("aut", "cre"), email = "aguslespiaucq@gmail.com"), person(given = c("Silvia", "Santamaria"), family = "Bueno", role = "aut")) as necessary. Flavors: r-devel-linux-x86_64-debian-clang, r-devel-linux-x86_64-debian-gcc

These binaries (installable software) and packages are in development.
They may not be fully stable and should be used with caution. We make no claims about them.