Last updated on 2025-05-01 14:49:13 CEST.
Flavor | Version | Tinstall | Tcheck | Ttotal | Status | Flags |
---|---|---|---|---|---|---|
r-devel-linux-x86_64-debian-clang | 0.2.3 | 30.66 | 258.12 | 288.78 | NOTE | |
r-devel-linux-x86_64-debian-gcc | 0.2.3 | 20.36 | 170.41 | 190.77 | NOTE | |
r-devel-linux-x86_64-fedora-clang | 0.2.3 | 454.40 | NOTE | |||
r-devel-linux-x86_64-fedora-gcc | 0.2.3 | 432.21 | NOTE | |||
r-devel-windows-x86_64 | 0.2.3 | 29.00 | 212.00 | 241.00 | NOTE | |
r-patched-linux-x86_64 | 0.2.3 | 32.80 | 241.28 | 274.08 | NOTE | |
r-release-linux-x86_64 | NOTE | |||||
r-release-macos-arm64 | 0.2.3 | 96.00 | NOTE | |||
r-release-macos-x86_64 | 0.2.3 | 218.00 | NOTE | |||
r-release-windows-x86_64 | 0.2.3 | 31.00 | 217.00 | 248.00 | NOTE | |
r-oldrel-macos-arm64 | 0.2.3 | 93.00 | OK | |||
r-oldrel-macos-x86_64 | 0.2.3 | 166.00 | OK | |||
r-oldrel-windows-x86_64 | 0.2.3 | 39.00 | 276.00 | 315.00 | OK |
Version: 0.2.3
Check: DESCRIPTION meta-information
Result: NOTE
Missing dependency on R >= 4.1.0 because package code uses the pipe
|> or function shorthand \(...) syntax added in R 4.1.0.
File(s) using such syntax:
‘addCOG.Rd’
Flavors: r-devel-linux-x86_64-debian-clang, r-devel-linux-x86_64-debian-gcc, r-devel-linux-x86_64-fedora-clang, r-devel-linux-x86_64-fedora-gcc, r-devel-windows-x86_64, r-patched-linux-x86_64, r-release-linux-x86_64, r-release-macos-arm64, r-release-macos-x86_64, r-release-windows-x86_64
Version: 0.2.3
Check: Rd cross-references
Result: NOTE
Found the following Rd file(s) with Rd \link{} targets missing package
anchors:
addFeatures.Rd: addCircleMarkers, addPolylines, addPolygons
addRasterRGB.Rd: plotRGB, addRasterImage
addStarsImage.Rd: addRasterImage
garnishMap.Rd: addLayersControl
Please provide package anchors for all Rd \link{} targets not in the
package itself and the base packages.
Flavors: r-devel-linux-x86_64-debian-clang, r-devel-linux-x86_64-debian-gcc, r-devel-windows-x86_64, r-patched-linux-x86_64, r-release-linux-x86_64, r-release-windows-x86_64
These binaries (installable software) and packages are in development.
They may not be fully stable and should be used with caution. We make no claims about them.