Last updated on 2025-02-02 16:49:11 CET.
Flavor | Version | Tinstall | Tcheck | Ttotal | Status | Flags |
---|---|---|---|---|---|---|
r-devel-linux-x86_64-debian-clang | 0.2.3 | 30.84 | 250.59 | 281.43 | NOTE | |
r-devel-linux-x86_64-debian-gcc | 0.2.3 | 18.91 | 164.21 | 183.12 | NOTE | |
r-devel-linux-x86_64-fedora-clang | 0.2.3 | 477.62 | OK | |||
r-devel-linux-x86_64-fedora-gcc | 0.2.3 | 422.87 | OK | |||
r-devel-windows-x86_64 | 0.2.3 | 29.00 | 201.00 | 230.00 | NOTE | |
r-patched-linux-x86_64 | 0.2.3 | 34.69 | 234.66 | 269.35 | OK | |
r-release-linux-x86_64 | 0.2.3 | 28.68 | 234.37 | 263.05 | OK | |
r-release-macos-arm64 | 0.2.3 | 93.00 | OK | |||
r-release-macos-x86_64 | 0.2.3 | 166.00 | OK | |||
r-release-windows-x86_64 | 0.2.3 | 30.00 | 197.00 | 227.00 | OK | |
r-oldrel-macos-arm64 | 0.2.3 | 101.00 | OK | |||
r-oldrel-macos-x86_64 | 0.2.3 | 257.00 | OK | |||
r-oldrel-windows-x86_64 | 0.2.3 | 37.00 | 262.00 | 299.00 | OK |
Version: 0.2.3
Check: Rd cross-references
Result: NOTE
Found the following Rd file(s) with Rd \link{} targets missing package
anchors:
addFeatures.Rd: addCircleMarkers, addPolylines, addPolygons
addRasterRGB.Rd: plotRGB, addRasterImage
addStarsImage.Rd: addRasterImage
garnishMap.Rd: addLayersControl
Please provide package anchors for all Rd \link{} targets not in the
package itself and the base packages.
Flavors: r-devel-linux-x86_64-debian-clang, r-devel-linux-x86_64-debian-gcc, r-devel-windows-x86_64
These binaries (installable software) and packages are in development.
They may not be fully stable and should be used with caution. We make no claims about them.