Last updated on 2025-02-16 08:50:51 CET.
Flavor | Version | Tinstall | Tcheck | Ttotal | Status | Flags |
---|---|---|---|---|---|---|
r-devel-linux-x86_64-debian-clang | 2.2.2 | 6.33 | 70.12 | 76.45 | NOTE | |
r-devel-linux-x86_64-debian-gcc | 2.2.2 | 4.27 | 48.27 | 52.54 | NOTE | |
r-devel-linux-x86_64-fedora-clang | 2.2.2 | 122.03 | OK | |||
r-devel-linux-x86_64-fedora-gcc | 2.2.2 | 112.32 | OK | |||
r-devel-macos-arm64 | 2.2.2 | 38.00 | OK | |||
r-devel-macos-x86_64 | 2.2.2 | 68.00 | OK | |||
r-devel-windows-x86_64 | 2.2.2 | 9.00 | 95.00 | 104.00 | NOTE | |
r-patched-linux-x86_64 | 2.2.2 | 11.29 | 66.67 | 77.96 | OK | |
r-release-linux-x86_64 | 2.2.2 | 5.68 | 65.09 | 70.77 | OK | |
r-release-macos-arm64 | 2.2.2 | 34.00 | OK | |||
r-release-macos-x86_64 | 2.2.2 | 57.00 | OK | |||
r-release-windows-x86_64 | 2.2.2 | 9.00 | 93.00 | 102.00 | OK | |
r-oldrel-macos-arm64 | 2.2.2 | 48.00 | OK | |||
r-oldrel-macos-x86_64 | 2.2.2 | 69.00 | OK | |||
r-oldrel-windows-x86_64 | 2.2.2 | 10.00 | 111.00 | 121.00 | OK |
Version: 2.2.2
Check: Rd cross-references
Result: NOTE
Found the following Rd file(s) with Rd \link{} targets missing package
anchors:
addRasterImage.Rd: projectRaster
gadmCHE.Rd: getData
Please provide package anchors for all Rd \link{} targets not in the
package itself and the base packages.
Flavors: r-devel-linux-x86_64-debian-clang, r-devel-linux-x86_64-debian-gcc, r-devel-windows-x86_64
These binaries (installable software) and packages are in development.
They may not be fully stable and should be used with caution. We make no claims about them.