Last updated on 2025-07-23 21:51:49 CEST.
Flavor | Version | Tinstall | Tcheck | Ttotal | Status | Flags |
---|---|---|---|---|---|---|
r-devel-linux-x86_64-debian-clang | 3.2 | 4.24 | 21.48 | 25.72 | NOTE | |
r-devel-linux-x86_64-debian-gcc | 3.2 | 2.98 | 18.07 | 21.05 | NOTE | |
r-devel-linux-x86_64-fedora-clang | 3.2 | 40.04 | OK | |||
r-devel-linux-x86_64-fedora-gcc | 3.2 | 38.27 | OK | |||
r-devel-windows-x86_64 | 3.2 | 8.00 | 42.00 | 50.00 | OK | |
r-patched-linux-x86_64 | 3.2 | 4.12 | 20.23 | 24.35 | OK | |
r-release-linux-x86_64 | 3.2 | 4.00 | 20.07 | 24.07 | OK | |
r-release-macos-arm64 | 3.2 | 25.00 | OK | |||
r-release-macos-x86_64 | 3.2 | 34.00 | OK | |||
r-release-windows-x86_64 | 3.2 | 9.00 | 48.00 | 57.00 | OK | |
r-oldrel-macos-arm64 | 3.2 | 26.00 | OK | |||
r-oldrel-macos-x86_64 | 3.2 | 65.00 | OK | |||
r-oldrel-windows-x86_64 | 3.2 | 8.00 | 47.00 | 55.00 | OK |
Version: 3.2
Check: CRAN incoming feasibility
Result: NOTE
Maintainer: ‘Thomas Lumley <t.lumley@auckland.ac.nz>’
No Authors@R field in DESCRIPTION.
Please add one, modifying
Authors@R: c(person(given = c("Thomas", "Lumley", "based", "on", "Fortran", "code", "by", "Alan"),
family = "Miller",
role = "aut"),
person(given = "Thomas",
family = "Lumley",
role = "cre",
email = "t.lumley@auckland.ac.nz"))
as necessary.
Flavors: r-devel-linux-x86_64-debian-clang, r-devel-linux-x86_64-debian-gcc
These binaries (installable software) and packages are in development.
They may not be fully stable and should be used with caution. We make no claims about them.