Last updated on 2025-05-07 22:48:31 CEST.
Flavor | Version | Tinstall | Tcheck | Ttotal | Status | Flags |
---|---|---|---|---|---|---|
r-devel-linux-x86_64-debian-clang | 1.0.4 | 12.20 | 84.91 | 97.11 | NOTE | |
r-devel-linux-x86_64-debian-gcc | 1.0.4 | 9.27 | 62.53 | 71.80 | NOTE | |
r-devel-linux-x86_64-fedora-clang | 1.0.4 | 151.01 | OK | |||
r-devel-linux-x86_64-fedora-gcc | 1.0.4 | 145.41 | OK | |||
r-devel-windows-x86_64 | 1.0.4 | 13.00 | 95.00 | 108.00 | OK | |
r-patched-linux-x86_64 | 1.0.4 | 11.07 | 80.89 | 91.96 | OK | |
r-release-linux-x86_64 | 1.0.4 | 10.82 | 81.75 | 92.57 | OK | |
r-release-macos-arm64 | 1.0.4 | 49.00 | OK | |||
r-release-macos-x86_64 | 1.0.4 | 130.00 | OK | |||
r-release-windows-x86_64 | 1.0.4 | 12.00 | 100.00 | 112.00 | OK | |
r-oldrel-macos-arm64 | 1.0.4 | 45.00 | OK | |||
r-oldrel-macos-x86_64 | 1.0.4 | 68.00 | OK | |||
r-oldrel-windows-x86_64 | 1.0.4 | 16.00 | 121.00 | 137.00 | OK |
Version: 1.0.4
Check: CRAN incoming feasibility
Result: NOTE
Maintainer: ‘Liam J. Revell <liam.revell@umb.edu>’
No Authors@R field in DESCRIPTION.
Please add one, modifying
Authors@R: person(given = c("Liam", "J."),
family = "Revell",
role = c("aut", "cre"),
email = "liam.revell@umb.edu")
as necessary.
Flavors: r-devel-linux-x86_64-debian-clang, r-devel-linux-x86_64-debian-gcc
These binaries (installable software) and packages are in development.
They may not be fully stable and should be used with caution. We make no claims about them.